CRAN Package Check Results for Package glme

Last updated on 2024-03-01 15:51:38 CET.

Flavor Version Tinstall Tcheck Ttotal Status Flags
r-devel-linux-x86_64-debian-clang 0.1.0 5.58 48.34 53.92 NOTE
r-devel-linux-x86_64-debian-gcc 0.1.0 5.00 36.66 41.66 NOTE
r-devel-linux-x86_64-fedora-clang 0.1.0 65.89 NOTE
r-devel-linux-x86_64-fedora-gcc 0.1.0 64.20 NOTE
r-devel-windows-x86_64 0.1.0 6.00 54.00 60.00 NOTE
r-patched-linux-x86_64 0.1.0 5.62 45.85 51.47 NOTE
r-release-linux-x86_64 0.1.0 5.46 46.54 52.00 NOTE
r-release-macos-arm64 0.1.0 25.00 NOTE
r-release-macos-x86_64 0.1.0 37.00 NOTE
r-release-windows-x86_64 0.1.0 8.00 58.00 66.00 NOTE
r-oldrel-macos-arm64 0.1.0 26.00 NOTE
r-oldrel-windows-x86_64 0.1.0 8.00 66.00 74.00 NOTE

Check Details

Version: 0.1.0
Check: LazyData
Result: NOTE 'LazyData' is specified without a 'data' directory Flavors: r-devel-linux-x86_64-debian-clang, r-devel-linux-x86_64-debian-gcc, r-devel-linux-x86_64-fedora-clang, r-devel-linux-x86_64-fedora-gcc, r-devel-windows-x86_64, r-patched-linux-x86_64, r-release-linux-x86_64, r-release-macos-arm64, r-release-macos-x86_64, r-release-windows-x86_64, r-oldrel-macos-arm64, r-oldrel-windows-x86_64