CRAN Package Check Results for Package glmgraph

Last updated on 2020-09-21 18:06:57 CEST.

Flavor Version Tinstall Tcheck Ttotal Status Flags
r-devel-linux-x86_64-debian-clang 1.0.3 65.50 65.25 130.75 OK
r-devel-linux-x86_64-debian-gcc 1.0.3 47.72 50.41 98.13 OK
r-devel-linux-x86_64-fedora-clang 1.0.3 182.12 NOTE
r-devel-linux-x86_64-fedora-gcc 1.0.3 167.18 NOTE
r-devel-windows-ix86+x86_64 1.0.3 150.00 162.00 312.00 OK
r-patched-linux-x86_64 1.0.3 50.62 66.25 116.87 OK
r-patched-solaris-x86 1.0.3 175.90 OK
r-release-linux-x86_64 1.0.3 53.48 65.69 119.17 OK
r-release-macos-x86_64 1.0.3 OK
r-release-windows-ix86+x86_64 1.0.3 155.00 152.00 307.00 OK
r-oldrel-macos-x86_64 1.0.3 OK
r-oldrel-windows-ix86+x86_64 1.0.3 97.00 169.00 266.00 OK

Additional issues

valgrind

Check Details

Version: 1.0.3
Check: compiled code
Result: NOTE
    File ‘glmgraph/libs/glmgraph.so’:
     Found no calls to: ‘R_registerRoutines’, ‘R_useDynamicSymbols’
    
    It is good practice to register native routines and to disable symbol
    search.
    
    See ‘Writing portable packages’ in the ‘Writing R Extensions’ manual.
Flavors: r-devel-linux-x86_64-fedora-clang, r-devel-linux-x86_64-fedora-gcc