CRAN Package Check Results for Package glmmEP

Last updated on 2024-06-14 21:53:39 CEST.

Flavor Version Tinstall Tcheck Ttotal Status Flags
r-devel-linux-x86_64-debian-clang 1.0-3.1 13.11 87.96 101.07 NOTE
r-devel-linux-x86_64-debian-gcc 1.0-3.1 10.50 65.94 76.44 NOTE
r-devel-linux-x86_64-fedora-clang 1.0-3.1 128.25 NOTE
r-devel-linux-x86_64-fedora-gcc 1.0-3.1 129.74 NOTE
r-devel-windows-x86_64 1.0-3.1 15.00 92.00 107.00 NOTE
r-patched-linux-x86_64 1.0-3.1 8.49 83.54 92.03 NOTE
r-release-linux-x86_64 1.0-3.1 8.11 85.37 93.48 NOTE
r-release-macos-arm64 1.0-3.1 45.00 NOTE
r-release-macos-x86_64 1.0-3.1 88.00 NOTE
r-release-windows-x86_64 1.0-3.1 15.00 90.00 105.00 NOTE
r-oldrel-macos-arm64 1.0-3.1 50.00 OK
r-oldrel-macos-x86_64 1.0-3.1 72.00 NOTE
r-oldrel-windows-x86_64 1.0-3.1 19.00 100.00 119.00 OK

Check Details

Version: 1.0-3.1
Check: Rd files
Result: NOTE checkRd: (-1) glmmSimData.Rd:4: Lost braces; missing escapes or markup? 4 | \description{Section 4.1.2 of the refence below descries a simulation study with data generated from a probit mixed model with six fixed effects parameters and a bivariate random effects vector having a 2 by 2 symmetric positive definite covariance matrix. The function simulates a data set from this model with 2500 groups and the number of observation in each group being a random draw from {20,21,...,30}.} | ^ Flavors: r-devel-linux-x86_64-debian-clang, r-devel-linux-x86_64-debian-gcc, r-devel-linux-x86_64-fedora-clang, r-devel-linux-x86_64-fedora-gcc, r-devel-windows-x86_64, r-patched-linux-x86_64, r-release-linux-x86_64, r-release-macos-arm64, r-release-macos-x86_64, r-release-windows-x86_64

Version: 1.0-3.1
Check: package dependencies
Result: NOTE Package suggested but not available for checking: ‘mlmRev’ Flavor: r-oldrel-macos-x86_64