Last updated on 2023-06-06 17:58:41 CEST.
Flavor | Version | Tinstall | Tcheck | Ttotal | Status | Flags |
---|---|---|---|---|---|---|
r-devel-linux-x86_64-debian-clang | 0.3.1 | 174.63 | 89.33 | 263.96 | OK | |
r-devel-linux-x86_64-debian-gcc | 0.3.1 | 147.23 | 74.18 | 221.41 | OK | |
r-devel-linux-x86_64-fedora-clang | 0.3.1 | 338.09 | OK | |||
r-devel-linux-x86_64-fedora-gcc | 0.3.1 | 392.27 | OK | |||
r-devel-windows-x86_64 | 0.3.1 | 122.00 | 115.00 | 237.00 | OK | |
r-patched-linux-x86_64 | 0.3.1 | 153.45 | 95.16 | 248.61 | OK | |
r-release-linux-x86_64 | 0.3.1 | 151.67 | 94.13 | 245.80 | OK | |
r-release-macos-arm64 | 0.3.1 | 91.00 | NOTE | |||
r-release-macos-x86_64 | 0.3.1 | 155.00 | NOTE | |||
r-release-windows-x86_64 | 0.3.1 | 157.00 | 134.00 | 291.00 | OK | |
r-oldrel-macos-arm64 | 0.3.1 | 89.00 | NOTE | |||
r-oldrel-macos-x86_64 | 0.3.1 | 118.00 | NOTE | |||
r-oldrel-windows-x86_64 | 0.3.1 | 154.00 | 123.00 | 277.00 | OK |
Version: 0.3.1
Check: installed package size
Result: NOTE
installed size is 27.4Mb
sub-directories of 1Mb or more:
libs 26.8Mb
Flavors: r-release-macos-arm64, r-release-macos-x86_64, r-oldrel-macos-arm64, r-oldrel-macos-x86_64