CRAN Package Check Results for Package glmmrOptim

Last updated on 2025-04-30 20:50:16 CEST.

Flavor Version Tinstall Tcheck Ttotal Status Flags
r-devel-linux-x86_64-debian-clang 0.3.6 149.85 141.83 291.68 NOTE
r-devel-linux-x86_64-debian-gcc 0.3.6 163.05 120.81 283.86 OK
r-devel-linux-x86_64-fedora-clang 0.3.6 545.12 OK
r-devel-linux-x86_64-fedora-gcc 0.3.6 617.91 OK
r-devel-windows-x86_64 0.3.6 177.00 179.00 356.00 OK
r-patched-linux-x86_64 0.3.6 207.64 158.81 366.45 OK
r-release-linux-x86_64 0.3.6 196.50 158.92 355.42 OK
r-release-macos-arm64 0.3.6 109.00 OK
r-release-macos-x86_64 0.3.6 186.00 OK
r-release-windows-x86_64 0.3.6 179.00 172.00 351.00 OK
r-oldrel-macos-arm64 0.3.6 106.00 NOTE
r-oldrel-macos-x86_64 0.3.6 167.00 NOTE
r-oldrel-windows-x86_64 0.3.6 214.00 206.00 420.00 OK

Check Details

Version: 0.3.6
Check: examples
Result: NOTE Examples with CPU (user + system) or elapsed time > 5s user system elapsed DesignSpace 5.16 0.257 6.091 Flavor: r-devel-linux-x86_64-debian-clang

Version: 0.3.6
Check: installed package size
Result: NOTE installed size is 45.7Mb sub-directories of 1Mb or more: libs 45.5Mb Flavors: r-oldrel-macos-arm64, r-oldrel-macos-x86_64