Last updated on 2022-06-26 07:53:42 CEST.
Flavor | Version | Tinstall | Tcheck | Ttotal | Status | Flags |
---|---|---|---|---|---|---|
r-devel-linux-x86_64-debian-clang | 4.1-4 | 160.07 | 278.29 | 438.36 | OK | |
r-devel-linux-x86_64-debian-gcc | 4.1-4 | 133.89 | 215.00 | 348.89 | OK | |
r-devel-linux-x86_64-fedora-clang | 4.1-4 | 576.79 | NOTE | |||
r-devel-linux-x86_64-fedora-gcc | 4.1-4 | 564.30 | OK | |||
r-devel-windows-x86_64 | 4.1-4 | 438.00 | 419.00 | 857.00 | OK | |
r-patched-linux-x86_64 | 4.1-4 | 135.86 | 275.50 | 411.36 | OK | |
r-release-linux-x86_64 | 4.1-4 | 125.95 | 278.25 | 404.20 | OK | |
r-release-macos-arm64 | 4.1-4 | 150.00 | NOTE | |||
r-release-macos-x86_64 | 4.1-4 | 187.00 | NOTE | |||
r-release-windows-x86_64 | 4.1-4 | 393.00 | 412.00 | 805.00 | OK | |
r-oldrel-macos-arm64 | 4.1-4 | 144.00 | NOTE | |||
r-oldrel-macos-x86_64 | 4.1-4 | 190.00 | NOTE | |||
r-oldrel-windows-ix86+x86_64 | 4.1-4 | 301.00 | 470.00 | 771.00 | NOTE |
Version: 4.1-4
Check: installed package size
Result: NOTE
installed size is 31.4Mb
sub-directories of 1Mb or more:
libs 29.3Mb
Flavors: r-devel-linux-x86_64-fedora-clang, r-release-macos-arm64, r-release-macos-x86_64, r-oldrel-macos-arm64, r-oldrel-macos-x86_64, r-oldrel-windows-ix86+x86_64