CRAN Package Check Results for Package glmnet

Last updated on 2022-10-02 04:49:56 CEST.

Flavor Version Tinstall Tcheck Ttotal Status Flags
r-devel-linux-x86_64-debian-clang 4.1-4 156.97 280.53 437.50 OK
r-devel-linux-x86_64-debian-gcc 4.1-4 129.59 214.27 343.86 OK
r-devel-linux-x86_64-fedora-clang 4.1-4 551.41 OK
r-devel-linux-x86_64-fedora-gcc 4.1-4 597.49 OK
r-devel-windows-x86_64 4.1-4 320.00 429.00 749.00 OK
r-patched-linux-x86_64 4.1-4 135.95 273.08 409.03 OK
r-release-linux-x86_64 4.1-4 135.74 270.51 406.25 OK
r-release-macos-arm64 4.1-4 150.00 NOTE
r-release-macos-x86_64 4.1-4 187.00 NOTE
r-release-windows-x86_64 4.1-4 398.00 419.00 817.00 OK
r-oldrel-macos-arm64 4.1-4 144.00 NOTE
r-oldrel-macos-x86_64 4.1-4 190.00 NOTE
r-oldrel-windows-ix86+x86_64 4.1-4 299.00 455.00 754.00 NOTE

Check Details

Version: 4.1-4
Check: installed package size
Result: NOTE
     installed size is 36.3Mb
     sub-directories of 1Mb or more:
     libs 34.2Mb
Flavors: r-release-macos-arm64, r-release-macos-x86_64, r-oldrel-macos-arm64, r-oldrel-macos-x86_64, r-oldrel-windows-ix86+x86_64