Last updated on 2023-01-27 04:51:26 CET.
Flavor | Version | Tinstall | Tcheck | Ttotal | Status | Flags |
---|---|---|---|---|---|---|
r-devel-linux-x86_64-debian-clang | 4.1-6 | 134.80 | 292.92 | 427.72 | OK | |
r-devel-linux-x86_64-debian-gcc | 4.1-6 | 114.21 | 224.23 | 338.44 | NOTE | |
r-devel-linux-x86_64-fedora-clang | 4.1-6 | 567.78 | OK | |||
r-devel-linux-x86_64-fedora-gcc | 4.1-6 | 585.36 | NOTE | |||
r-devel-windows-x86_64 | 4.1-6 | 308.00 | 442.00 | 750.00 | OK | |
r-patched-linux-x86_64 | 4.1-6 | 124.42 | 279.93 | 404.35 | OK | |
r-release-linux-x86_64 | 4.1-6 | 110.69 | 270.22 | 380.91 | OK | |
r-release-macos-arm64 | 4.1-6 | 148.00 | NOTE | |||
r-release-macos-x86_64 | 4.1-6 | 181.00 | NOTE | |||
r-release-windows-x86_64 | 4.1-6 | 288.00 | 427.00 | 715.00 | OK | |
r-oldrel-macos-arm64 | 4.1-6 | 151.00 | NOTE | |||
r-oldrel-macos-x86_64 | 4.1-6 | 185.00 | NOTE | |||
r-oldrel-windows-ix86+x86_64 | 4.1-6 | 261.00 | 438.00 | 699.00 | NOTE |
Version: 4.1-6
Check: C++ specification
Result: NOTE
Specified C++14: please update to current default of C++17
Flavors: r-devel-linux-x86_64-debian-gcc, r-devel-linux-x86_64-fedora-gcc
Version: 4.1-6
Check: installed package size
Result: NOTE
installed size is 35.6Mb
sub-directories of 1Mb or more:
libs 33.6Mb
Flavors: r-release-macos-arm64, r-release-macos-x86_64, r-oldrel-macos-arm64, r-oldrel-macos-x86_64, r-oldrel-windows-ix86+x86_64