CRAN Package Check Results for Package glmtlp

Last updated on 2022-01-28 05:48:58 CET.

Flavor Version Tinstall Tcheck Ttotal Status Flags
r-devel-linux-x86_64-debian-clang 2.0.1 12.66 75.65 88.31 OK
r-devel-linux-x86_64-debian-gcc 2.0.1 9.16 59.26 68.42 OK
r-devel-linux-x86_64-fedora-clang 2.0.1 115.05 OK
r-devel-linux-x86_64-fedora-gcc 2.0.1 94.46 OK
r-devel-windows-x86_64-new-UL 2.0.1 54.00 134.00 188.00 OK
r-devel-windows-x86_64-new-TK 2.0.1 OK
r-patched-linux-x86_64 2.0.1 12.73 70.74 83.47 OK
r-release-linux-x86_64 2.0.1 10.05 67.61 77.66 OK
r-release-macos-arm64 2.0.1 OK
r-release-macos-x86_64 2.0.1 OK
r-release-windows-ix86+x86_64 2.0.1 38.00 122.00 160.00 WARN
r-oldrel-macos-x86_64 2.0.1 OK
r-oldrel-windows-ix86+x86_64 2.0.1 38.00 124.00 162.00 WARN

Check Details

Version: 2.0.1
Check: re-building of vignette outputs
Result: WARN
    Error(s) in re-building vignettes:
    --- re-building 'glmtlp.Rmd' using rmarkdown
    ! Package inputenc Error: Unicode char â<c2><80><c2><90> (U+2010)
    (inputenc) not set up for use with LaTeX.
    
    Error: processing vignette 'glmtlp.Rmd' failed with diagnostics:
    LaTeX failed to compile d:/RCompile/CRANpkg/local/4.1/glmtlp.Rcheck/vign_test/glmtlp/vignettes/glmtlp.tex. See https://yihui.org/tinytex/r/#debugging for debugging tips. See glmtlp.log for more info.
    --- failed re-building 'glmtlp.Rmd'
    
    SUMMARY: processing the following file failed:
     'glmtlp.Rmd'
    
    Error: Vignette re-building failed.
    Execution halted
Flavor: r-release-windows-ix86+x86_64

Version: 2.0.1
Check: re-building of vignette outputs
Result: WARN
    Error(s) in re-building vignettes:
    --- re-building 'glmtlp.Rmd' using rmarkdown
    ! Package inputenc Error: Unicode char â<c2><80><c2><90> (U+2010)
    (inputenc) not set up for use with LaTeX.
    
    Error: processing vignette 'glmtlp.Rmd' failed with diagnostics:
    LaTeX failed to compile d:/RCompile/CRANpkg/local/4.0/glmtlp.Rcheck/vign_test/glmtlp/vignettes/glmtlp.tex. See https://yihui.org/tinytex/r/#debugging for debugging tips. See glmtlp.log for more info.
    --- failed re-building 'glmtlp.Rmd'
    
    SUMMARY: processing the following file failed:
     'glmtlp.Rmd'
    
    Error: Vignette re-building failed.
    Execution halted
Flavor: r-oldrel-windows-ix86+x86_64