CRAN Package Check Results for Package glmtree

Last updated on 2022-11-27 09:53:29 CET.

Flavor Version Tinstall Tcheck Ttotal Status Flags
r-devel-linux-x86_64-debian-clang 0.2 3.24 148.89 152.13 NOTE
r-devel-linux-x86_64-debian-gcc 0.2 2.30 110.58 112.88 NOTE
r-devel-linux-x86_64-fedora-clang 0.2 182.61 NOTE
r-devel-linux-x86_64-fedora-gcc 0.2 196.08 NOTE
r-devel-windows-x86_64 0.2 12.00 177.00 189.00 NOTE
r-patched-linux-x86_64 0.2 3.09 132.30 135.39 NOTE
r-release-linux-x86_64 0.2 2.05 141.32 143.37 NOTE
r-release-macos-arm64 0.2 48.00 NOTE
r-release-macos-x86_64 0.2 86.00 NOTE
r-release-windows-x86_64 0.2 12.00 181.00 193.00 NOTE
r-oldrel-macos-arm64 0.2 62.00 NOTE
r-oldrel-macos-x86_64 0.2 81.00 NOTE
r-oldrel-windows-ix86+x86_64 0.2 9.00 174.00 183.00 NOTE

Check Details

Version: 0.2
Check: LazyData
Result: NOTE
     'LazyData' is specified without a 'data' directory
Flavors: r-devel-linux-x86_64-debian-clang, r-devel-linux-x86_64-debian-gcc, r-devel-linux-x86_64-fedora-clang, r-devel-linux-x86_64-fedora-gcc, r-devel-windows-x86_64, r-patched-linux-x86_64, r-release-linux-x86_64, r-release-macos-arm64, r-release-macos-x86_64, r-release-windows-x86_64, r-oldrel-macos-arm64, r-oldrel-macos-x86_64, r-oldrel-windows-ix86+x86_64