Last updated on 2023-12-03 15:54:53 CET.
Flavor | Version | Tinstall | Tcheck | Ttotal | Status | Flags |
---|---|---|---|---|---|---|
r-devel-linux-x86_64-debian-clang | 0.2-0 | 4.40 | 45.37 | 49.77 | OK | |
r-devel-linux-x86_64-debian-gcc | 0.2-0 | 3.68 | 34.26 | 37.94 | OK | |
r-devel-linux-x86_64-fedora-clang | 0.2-0 | 62.95 | OK | |||
r-devel-linux-x86_64-fedora-gcc | 0.2-0 | 59.72 | OK | |||
r-devel-windows-x86_64 | 0.2-0 | 5.00 | 59.00 | 64.00 | OK | |
r-patched-linux-x86_64 | 0.2-0 | 4.55 | 42.57 | 47.12 | OK | |
r-release-linux-x86_64 | 0.2-0 | 5.02 | 42.36 | 47.38 | OK | |
r-release-macos-arm64 | 0.2-0 | 26.00 | OK | |||
r-release-macos-x86_64 | 0.2-0 | 37.00 | NOTE | |||
r-release-windows-x86_64 | 0.2-0 | 7.00 | 63.00 | 70.00 | OK | |
r-oldrel-macos-arm64 | 0.2-0 | 22.00 | OK | |||
r-oldrel-macos-x86_64 | 0.2-0 | 31.00 | OK | |||
r-oldrel-windows-x86_64 | 0.2-0 | 6.00 | 64.00 | 70.00 | OK |
Version: 0.2-0
Check: package dependencies
Result: NOTE
Package suggested but not available for checking: ‘AER’
Flavor: r-release-macos-x86_64