CRAN Package Check Results for Package globalboosttest

Last updated on 2020-01-26 18:50:10 CET.

Flavor Version Tinstall Tcheck Ttotal Status Flags
r-devel-linux-x86_64-debian-clang 1.1-0 7.31 84.95 92.26 NOTE
r-devel-linux-x86_64-debian-gcc 1.1-0 6.76 64.65 71.41 NOTE
r-devel-linux-x86_64-fedora-clang 1.1-0 109.32 NOTE
r-devel-linux-x86_64-fedora-gcc 1.1-0 108.51 NOTE
r-devel-windows-ix86+x86_64 1.1-0 20.00 125.00 145.00 NOTE
r-devel-windows-ix86+x86_64-gcc8 1.1-0 24.00 134.00 158.00 NOTE
r-patched-linux-x86_64 1.1-0 5.39 74.47 79.86 NOTE
r-patched-solaris-x86 1.1-0 151.70 NOTE
r-release-linux-x86_64 1.1-0 6.32 74.29 80.61 NOTE
r-release-windows-ix86+x86_64 1.1-0 12.00 87.00 99.00 NOTE
r-release-osx-x86_64 1.1-0 NOTE
r-oldrel-windows-ix86+x86_64 1.1-0 8.00 124.00 132.00 NOTE
r-oldrel-osx-x86_64 1.1-0 NOTE

Check Details

Version: 1.1-0
Check: R code for possible problems
Result: NOTE
    globalboosttest: no visible global function definition for 'predict'
    globalboosttest: no visible global function definition for 'lm'
    globalboosttest: no visible global function definition for 'glm'
    globalboosttest: no visible binding for global variable 'binomial'
    globalboosttest: no visible global function definition for 'points'
    globalboosttest: no visible global function definition for 'AIC'
    Undefined global functions or variables:
     AIC binomial glm lm points predict
    Consider adding
     importFrom("graphics", "points")
     importFrom("stats", "AIC", "binomial", "glm", "lm", "predict")
    to your NAMESPACE file.
Flavors: r-devel-linux-x86_64-debian-clang, r-devel-linux-x86_64-debian-gcc, r-devel-linux-x86_64-fedora-clang, r-devel-linux-x86_64-fedora-gcc, r-devel-windows-ix86+x86_64, r-devel-windows-ix86+x86_64-gcc8, r-patched-linux-x86_64, r-patched-solaris-x86, r-release-linux-x86_64, r-release-windows-ix86+x86_64, r-release-osx-x86_64, r-oldrel-windows-ix86+x86_64, r-oldrel-osx-x86_64

Version: 1.1-0
Check: Rd files
Result: NOTE
    prepare_Rd: globalboosttest.Rd:56: Dropping empty section \seealso
Flavors: r-devel-linux-x86_64-debian-clang, r-devel-linux-x86_64-debian-gcc, r-devel-linux-x86_64-fedora-clang, r-devel-linux-x86_64-fedora-gcc, r-devel-windows-ix86+x86_64, r-devel-windows-ix86+x86_64-gcc8, r-patched-linux-x86_64, r-patched-solaris-x86, r-release-linux-x86_64, r-release-windows-ix86+x86_64, r-release-osx-x86_64, r-oldrel-windows-ix86+x86_64, r-oldrel-osx-x86_64

Version: 1.1-0
Check: Rd line widths
Result: NOTE
    Rd file 'globalboosttest.Rd':
     \usage lines wider than 90 characters:
     globalboosttest(X,Y,Z=NULL,nperm=1000,mstop=1000,mstopAIC=FALSE,pvalueonly=TRUE,plot=FALSE,...)
    
    These lines will be truncated in the PDF manual.
Flavors: r-devel-linux-x86_64-debian-clang, r-devel-linux-x86_64-debian-gcc, r-devel-linux-x86_64-fedora-clang, r-devel-linux-x86_64-fedora-gcc, r-patched-linux-x86_64, r-release-linux-x86_64