CRAN Package Check Results for Package glogis

Last updated on 2020-11-30 12:49:13 CET.

Flavor Version Tinstall Tcheck Ttotal Status Flags
r-devel-linux-x86_64-debian-clang 1.0-1 3.45 33.07 36.52 OK
r-devel-linux-x86_64-debian-gcc 1.0-1 2.27 27.68 29.95 OK
r-devel-linux-x86_64-fedora-clang 1.0-1 49.76 NOTE
r-devel-linux-x86_64-fedora-gcc 1.0-1 40.30 OK
r-devel-windows-ix86+x86_64 1.0-1 7.00 44.00 51.00 OK
r-patched-linux-x86_64 1.0-1 3.43 32.94 36.37 OK
r-patched-solaris-x86 1.0-1 60.80 OK
r-release-linux-x86_64 1.0-1 3.45 32.35 35.80 OK
r-release-macos-x86_64 1.0-1 OK
r-release-windows-ix86+x86_64 1.0-1 7.00 38.00 45.00 OK
r-oldrel-macos-x86_64 1.0-1 OK
r-oldrel-windows-ix86+x86_64 1.0-1 6.00 44.00 50.00 OK

Check Details

Version: 1.0-1
Check: Rd cross-references
Result: NOTE
    Undeclared package ‘foreach’ in Rd xrefs
Flavor: r-devel-linux-x86_64-fedora-clang