CRAN Package Check Results for Package glogis

Last updated on 2021-04-10 20:49:10 CEST.

Flavor Version Tinstall Tcheck Ttotal Status Flags
r-devel-linux-x86_64-debian-clang 1.0-1 2.85 33.09 35.94 OK
r-devel-linux-x86_64-debian-gcc 1.0-1 2.46 25.62 28.08 OK
r-devel-linux-x86_64-fedora-clang 1.0-1 48.63 NOTE
r-devel-linux-x86_64-fedora-gcc 1.0-1 39.17 OK
r-devel-windows-ix86+x86_64 1.0-1 4.00 38.00 42.00 OK
r-devel-windows-x86_64-gcc10-UCRT 1.0-1 OK
r-patched-linux-x86_64 1.0-1 3.18 31.73 34.91 OK
r-patched-solaris-x86 1.0-1 63.90 OK
r-release-linux-x86_64 1.0-1 3.27 31.75 35.02 OK
r-release-macos-x86_64 1.0-1 OK
r-release-windows-ix86+x86_64 1.0-1 6.00 51.00 57.00 OK
r-oldrel-macos-x86_64 1.0-1 OK
r-oldrel-windows-ix86+x86_64 1.0-1 5.00 43.00 48.00 OK

Check Details

Version: 1.0-1
Check: Rd cross-references
Result: NOTE
    Undeclared package ‘foreach’ in Rd xrefs
Flavor: r-devel-linux-x86_64-fedora-clang