CRAN Package Check Results for Package gmat

Last updated on 2019-03-23 13:49:10 CET.

Flavor Version Tinstall Tcheck Ttotal Status Flags
r-devel-linux-x86_64-debian-clang 0.2.0 2.74 25.78 28.52 OK
r-devel-linux-x86_64-debian-gcc 0.2.0 1.96 20.48 22.44 OK
r-devel-linux-x86_64-fedora-clang 0.2.0 35.15 OK
r-devel-linux-x86_64-fedora-gcc 0.2.0 33.20 OK
r-devel-windows-ix86+x86_64 0.2.0 15.00 65.00 80.00 OK
r-patched-linux-x86_64 0.2.0 1.50 24.13 25.63 OK
r-patched-solaris-x86 0.2.0 49.80 OK
r-release-linux-x86_64 0.2.0 0.28 1.98 2.26 ERROR
r-release-windows-ix86+x86_64 0.2.0 6.00 49.00 55.00 OK
r-release-osx-x86_64 0.2.0 OK
r-oldrel-windows-ix86+x86_64 0.2.0 9.00 61.00 70.00 OK
r-oldrel-osx-x86_64 0.2.0 OK

Check Details

Version: 0.2.0
Check: whether package can be installed
Result: ERROR
    Installation failed.
Flavor: r-release-linux-x86_64