Last updated on 2022-06-29 12:54:30 CEST.
Flavor | Version | Tinstall | Tcheck | Ttotal | Status | Flags |
---|---|---|---|---|---|---|
r-devel-linux-x86_64-debian-clang | 1.0.1 | 2.39 | 50.02 | 52.41 | NOTE | |
r-devel-linux-x86_64-debian-gcc | 1.0.1 | 2.23 | 37.48 | 39.71 | NOTE | |
r-devel-linux-x86_64-fedora-clang | 1.0.1 | 72.31 | NOTE | |||
r-devel-linux-x86_64-fedora-gcc | 1.0.1 | 74.59 | NOTE | |||
r-devel-windows-x86_64 | 1.0.1 | 9.00 | 77.00 | 86.00 | NOTE | |
r-patched-linux-x86_64 | 1.0.1 | 2.70 | 52.41 | 55.11 | NOTE | |
r-release-linux-x86_64 | 1.0.1 | 2.64 | 47.32 | 49.96 | NOTE | |
r-release-macos-arm64 | 1.0.1 | 23.00 | NOTE | |||
r-release-macos-x86_64 | 1.0.1 | 39.00 | NOTE | |||
r-release-windows-x86_64 | 1.0.1 | 12.00 | 75.00 | 87.00 | NOTE | |
r-oldrel-macos-arm64 | 1.0.1 | 43.00 | NOTE | |||
r-oldrel-macos-x86_64 | 1.0.1 | 49.00 | NOTE | |||
r-oldrel-windows-ix86+x86_64 | 1.0.1 | 6.00 | 70.00 | 76.00 | NOTE |
Version: 1.0.1
Check: LazyData
Result: NOTE
'LazyData' is specified without a 'data' directory
Flavors: r-devel-linux-x86_64-debian-clang, r-devel-linux-x86_64-debian-gcc, r-devel-linux-x86_64-fedora-clang, r-devel-linux-x86_64-fedora-gcc, r-devel-windows-x86_64, r-patched-linux-x86_64, r-release-linux-x86_64, r-release-macos-arm64, r-release-macos-x86_64, r-release-windows-x86_64, r-oldrel-macos-arm64, r-oldrel-macos-x86_64, r-oldrel-windows-ix86+x86_64