CRAN Package Check Results for Package gmnl

Last updated on 2022-08-14 16:50:14 CEST.

Flavor Version Tinstall Tcheck Ttotal Status Flags
r-devel-linux-x86_64-debian-clang 1.1-3.2 14.46 121.06 135.52 OK
r-devel-linux-x86_64-debian-gcc 1.1-3.2 11.71 89.56 101.27 OK
r-devel-linux-x86_64-fedora-clang 1.1-3.2 177.19 NOTE
r-devel-linux-x86_64-fedora-gcc 1.1-3.2 172.46 OK
r-devel-windows-x86_64 1.1-3.2 24.00 137.00 161.00 OK
r-patched-linux-x86_64 1.1-3.2 12.83 109.78 122.61 OK
r-release-linux-x86_64 1.1-3.2 14.35 111.68 126.03 OK
r-release-macos-arm64 1.1-3.2 41.00 OK
r-release-macos-x86_64 1.1-3.2 88.00 OK
r-release-windows-x86_64 1.1-3.2 20.00 136.00 156.00 OK
r-oldrel-macos-arm64 1.1-3.2 45.00 OK
r-oldrel-macos-x86_64 1.1-3.2 85.00 OK
r-oldrel-windows-ix86+x86_64 1.1-3.2 31.00 129.00 160.00 OK

Check Details

Version: 1.1-3.2
Check: Rd cross-references
Result: NOTE
    Undeclared package ‘sandwich’ in Rd xrefs
Flavor: r-devel-linux-x86_64-fedora-clang