CRAN Package Check Results for Package gmp

Last updated on 2019-07-19 12:55:23 CEST.

Flavor Version Tinstall Tcheck Ttotal Status Flags
r-devel-linux-x86_64-debian-clang 0.5-13.5 24.11 33.97 58.08 OK
r-devel-linux-x86_64-debian-gcc 0.5-13.5 23.39 27.50 50.89 OK
r-devel-linux-x86_64-fedora-clang 0.5-13.5 76.35 OK
r-devel-linux-x86_64-fedora-gcc 0.5-13.5 93.35 OK
r-devel-windows-ix86+x86_64 0.5-13.5 1.00 5.00 6.00 ERROR
r-patched-linux-x86_64 0.5-13.5 25.71 33.93 59.64 OK
r-patched-solaris-x86 0.5-13.5 131.00 OK
r-release-linux-x86_64 0.5-13.5 26.65 34.02 60.67 OK
r-release-windows-ix86+x86_64 0.5-13.5 79.00 81.00 160.00 OK
r-release-osx-x86_64 0.5-13.5 OK
r-oldrel-windows-ix86+x86_64 0.5-13.5 78.00 99.00 177.00 OK
r-oldrel-osx-x86_64 0.5-13.5 OK

Additional issues

rchk

Check Details

Version: 0.5-13.5
Check: whether package can be installed
Result: ERROR
    Installation failed.
Flavor: r-devel-windows-ix86+x86_64