CRAN Package Check Results for Package gmp

Last updated on 2020-09-26 16:47:20 CEST.

Flavor Version Tinstall Tcheck Ttotal Status Flags
r-devel-linux-x86_64-debian-clang 0.6-0 27.12 42.40 69.52 OK
r-devel-linux-x86_64-debian-gcc 0.6-0 20.61 32.81 53.42 OK
r-devel-linux-x86_64-fedora-clang 0.6-0 101.92 NOTE
r-devel-linux-x86_64-fedora-gcc 0.6-0 87.70 OK
r-devel-windows-ix86+x86_64 0.6-0 68.00 94.00 162.00 OK
r-patched-linux-x86_64 0.6-0 22.32 40.95 63.27 OK
r-patched-solaris-x86 0.6-0 124.40 OK
r-release-linux-x86_64 0.6-0 22.15 41.57 63.72 OK
r-release-macos-x86_64 0.6-0 OK
r-release-windows-ix86+x86_64 0.6-0 61.00 96.00 157.00 OK
r-oldrel-macos-x86_64 0.6-0 OK
r-oldrel-windows-ix86+x86_64 0.6-0 83.00 96.00 179.00 OK

Check Details

Version: 0.6-0
Check: Rd cross-references
Result: NOTE
    Undeclared package ‘sfsmisc’ in Rd xrefs
Flavor: r-devel-linux-x86_64-fedora-clang