CRAN Package Check Results for Package gmvarkit

Last updated on 2020-11-25 02:49:05 CET.

Flavor Version Tinstall Tcheck Ttotal Status Flags
r-devel-linux-x86_64-debian-clang 1.2.3 12.91 233.46 246.37 OK
r-devel-linux-x86_64-debian-gcc 1.2.3 8.14 203.54 211.68 OK
r-devel-linux-x86_64-fedora-clang 1.2.3 215.12 OK
r-devel-linux-x86_64-fedora-gcc 1.2.3 210.06 OK
r-devel-windows-ix86+x86_64 1.2.3 17.00 186.00 203.00 OK
r-patched-linux-x86_64 1.2.3 9.30 226.75 236.05 OK
r-patched-solaris-x86 1.2.3 206.20 OK
r-release-linux-x86_64 1.2.3 10.08 224.07 234.15 OK
r-release-macos-x86_64 1.2.3 OK
r-release-windows-ix86+x86_64 1.2.3 18.00 160.00 178.00 OK
r-oldrel-macos-x86_64 1.2.3 ERROR
r-oldrel-windows-ix86+x86_64 1.1.3 7.00 91.00 98.00 OK

Check Details

Version: 1.2.3
Check: package dependencies
Result: ERROR
    Packages required and available but unsuitable versions:
     'parallel', 'stats', 'graphics', 'grDevices'
    
    See section ‘The DESCRIPTION file’ in the ‘Writing R Extensions’
    manual.
Flavor: r-oldrel-macos-x86_64