CRAN Package Check Results for Package gnFit

Last updated on 2022-12-06 00:51:11 CET.

Flavor Version Tinstall Tcheck Ttotal Status Flags
r-devel-linux-x86_64-debian-clang 0.2.0 7.09 68.95 76.04 NOTE
r-devel-linux-x86_64-debian-gcc 0.2.0 4.92 52.71 57.63 NOTE
r-devel-linux-x86_64-fedora-clang 0.2.0 103.53 NOTE
r-devel-linux-x86_64-fedora-gcc 0.2.0 101.02 NOTE
r-devel-windows-x86_64 0.2.0 11.00 94.00 105.00 NOTE
r-patched-linux-x86_64 0.2.0 8.85 65.29 74.14 NOTE
r-release-linux-x86_64 0.2.0 7.47 64.64 72.11 NOTE
r-release-macos-arm64 0.2.0 31.00 NOTE
r-release-macos-x86_64 0.2.0 42.00 NOTE
r-release-windows-x86_64 0.2.0 12.00 97.00 109.00 NOTE
r-oldrel-macos-arm64 0.2.0 34.00 NOTE
r-oldrel-macos-x86_64 0.2.0 63.00 NOTE
r-oldrel-windows-ix86+x86_64 0.2.0 17.00 85.00 102.00 NOTE

Check Details

Version: 0.2.0
Check: LazyData
Result: NOTE
     'LazyData' is specified without a 'data' directory
Flavors: r-devel-linux-x86_64-debian-clang, r-devel-linux-x86_64-debian-gcc, r-devel-linux-x86_64-fedora-clang, r-devel-linux-x86_64-fedora-gcc, r-devel-windows-x86_64, r-patched-linux-x86_64, r-release-linux-x86_64, r-release-macos-arm64, r-release-macos-x86_64, r-release-windows-x86_64, r-oldrel-macos-arm64, r-oldrel-macos-x86_64, r-oldrel-windows-ix86+x86_64