CRAN Package Check Results for Package gnm

Last updated on 2022-10-01 00:49:26 CEST.

Flavor Version Tinstall Tcheck Ttotal Status Flags
r-devel-linux-x86_64-debian-clang 1.1-2 15.97 133.42 149.39 NOTE
r-devel-linux-x86_64-debian-gcc 1.1-2 11.57 100.54 112.11 NOTE
r-devel-linux-x86_64-fedora-clang 1.1-2 198.94 NOTE
r-devel-linux-x86_64-fedora-gcc 1.1-2 207.67 NOTE
r-devel-windows-x86_64 1.1-2 49.00 208.00 257.00 NOTE
r-patched-linux-x86_64 1.1-2 17.72 130.72 148.44 OK
r-release-linux-x86_64 1.1-2 13.80 128.23 142.03 OK
r-release-macos-arm64 1.1-2 56.00 OK
r-release-macos-x86_64 1.1-2 91.00 OK
r-release-windows-x86_64 1.1-2 50.00 208.00 258.00 OK
r-oldrel-macos-arm64 1.1-2 59.00 OK
r-oldrel-macos-x86_64 1.1-2 77.00 OK
r-oldrel-windows-ix86+x86_64 1.1-2 28.00 211.00 239.00 OK

Check Details

Version: 1.1-2
Check: Rd files
Result: NOTE
    checkRd: (-1) barleyHeights.Rd:18: Escaped LaTeX specials: \&
    checkRd: (-1) barleyHeights.Rd:22: Escaped LaTeX specials: \&
Flavors: r-devel-linux-x86_64-debian-clang, r-devel-linux-x86_64-debian-gcc, r-devel-linux-x86_64-fedora-clang, r-devel-linux-x86_64-fedora-gcc, r-devel-windows-x86_64