CRAN Package Check Results for Package gnomonicM

Last updated on 2022-08-08 02:54:52 CEST.

Flavor Version Tinstall Tcheck Ttotal Status Flags
r-devel-linux-x86_64-debian-clang 1.0.1 5.06 62.65 67.71 NOTE
r-devel-linux-x86_64-debian-gcc 1.0.1 4.40 46.91 51.31 NOTE
r-devel-linux-x86_64-fedora-clang 1.0.1 89.90 NOTE
r-devel-linux-x86_64-fedora-gcc 1.0.1 87.39 NOTE
r-devel-windows-x86_64 1.0.1 15.00 93.00 108.00 NOTE
r-patched-linux-x86_64 1.0.1 4.96 58.94 63.90 NOTE
r-release-linux-x86_64 1.0.1 5.08 59.28 64.36 NOTE
r-release-macos-arm64 1.0.1 29.00 NOTE
r-release-macos-x86_64 1.0.1 49.00 NOTE
r-release-windows-x86_64 1.0.1 20.00 94.00 114.00 NOTE
r-oldrel-macos-arm64 1.0.1 33.00 NOTE
r-oldrel-macos-x86_64 1.0.1 43.00 NOTE
r-oldrel-windows-ix86+x86_64 1.0.1 14.00 87.00 101.00 NOTE

Check Details

Version: 1.0.1
Check: LazyData
Result: NOTE
     'LazyData' is specified without a 'data' directory
Flavors: r-devel-linux-x86_64-debian-clang, r-devel-linux-x86_64-debian-gcc, r-devel-linux-x86_64-fedora-clang, r-devel-linux-x86_64-fedora-gcc, r-devel-windows-x86_64, r-patched-linux-x86_64, r-release-linux-x86_64, r-release-macos-arm64, r-release-macos-x86_64, r-release-windows-x86_64, r-oldrel-macos-arm64, r-oldrel-macos-x86_64, r-oldrel-windows-ix86+x86_64