CRAN Package Check Results for Package gnorm

Last updated on 2022-12-03 23:56:16 CET.

Flavor Version Tinstall Tcheck Ttotal Status Flags
r-devel-linux-x86_64-debian-clang 1.0.0 1.81 25.60 27.41 NOTE
r-devel-linux-x86_64-debian-gcc 1.0.0 1.58 19.93 21.51 NOTE
r-devel-linux-x86_64-fedora-clang 1.0.0 45.30 NOTE
r-devel-linux-x86_64-fedora-gcc 1.0.0 42.64 NOTE
r-devel-windows-x86_64 1.0.0 11.00 54.00 65.00 NOTE
r-patched-linux-x86_64 1.0.0 2.13 24.22 26.35 NOTE
r-release-linux-x86_64 1.0.0 1.82 25.18 27.00 NOTE
r-release-macos-arm64 1.0.0 17.00 NOTE
r-release-macos-x86_64 1.0.0 24.00 NOTE
r-release-windows-x86_64 1.0.0 12.00 57.00 69.00 NOTE
r-oldrel-macos-arm64 1.0.0 21.00 NOTE
r-oldrel-macos-x86_64 1.0.0 27.00 NOTE
r-oldrel-windows-ix86+x86_64 1.0.0 5.00 48.00 53.00 NOTE

Check Details

Version: 1.0.0
Check: LazyData
Result: NOTE
     'LazyData' is specified without a 'data' directory
Flavors: r-devel-linux-x86_64-debian-clang, r-devel-linux-x86_64-debian-gcc, r-devel-linux-x86_64-fedora-clang, r-devel-linux-x86_64-fedora-gcc, r-devel-windows-x86_64, r-patched-linux-x86_64, r-release-linux-x86_64, r-release-macos-arm64, r-release-macos-x86_64, r-release-windows-x86_64, r-oldrel-macos-arm64, r-oldrel-macos-x86_64, r-oldrel-windows-ix86+x86_64