CRAN Package Check Results for Package gofMC

Last updated on 2019-01-16 04:52:42 CET.

Flavor Version Tinstall Tcheck Ttotal Status Flags
r-devel-linux-x86_64-debian-clang 1.1.2 2.77 64.01 66.78 OK
r-devel-linux-x86_64-debian-gcc 1.1.2 2.41 47.31 49.72 OK
r-devel-linux-x86_64-fedora-clang 1.1.2 77.00 OK
r-devel-linux-x86_64-fedora-gcc 1.1.2 72.32 OK
r-devel-windows-ix86+x86_64 1.1.2 6.00 83.00 89.00 OK
r-patched-linux-x86_64 1.1.2 2.25 59.10 61.35 NOTE
r-patched-solaris-x86 1.1.2 124.90 OK
r-release-linux-x86_64 1.1.2 3.03 57.67 60.70 NOTE
r-release-windows-ix86+x86_64 1.1.2 9.00 75.00 84.00 OK
r-release-osx-x86_64 1.1.2 OK
r-oldrel-windows-ix86+x86_64 1.1.2 6.00 90.00 96.00 OK
r-oldrel-osx-x86_64 1.1.2 OK

Check Details

Version: 1.1.2
Check: DESCRIPTION meta-information
Result: NOTE
    Dependence on R version ‘3.3.1’ not with patchlevel 0
Flavors: r-patched-linux-x86_64, r-release-linux-x86_64