CRAN Package Check Results for Package gofMC

Last updated on 2019-03-23 15:47:54 CET.

Flavor Version Tinstall Tcheck Ttotal Status Flags
r-devel-linux-x86_64-debian-clang 1.1.2 3.63 62.40 66.03 OK
r-devel-linux-x86_64-debian-gcc 1.1.2 3.27 47.62 50.89 OK
r-devel-linux-x86_64-fedora-clang 1.1.2 79.46 OK
r-devel-linux-x86_64-fedora-gcc 1.1.2 74.17 OK
r-devel-windows-ix86+x86_64 1.1.2 15.00 97.00 112.00 OK
r-patched-linux-x86_64 1.1.2 2.23 58.32 60.55 NOTE
r-patched-solaris-x86 1.1.2 122.00 OK
r-release-linux-x86_64 1.1.2 0.31 2.14 2.45 ERROR
r-release-windows-ix86+x86_64 1.1.2 6.00 86.00 92.00 OK
r-release-osx-x86_64 1.1.2 OK
r-oldrel-windows-ix86+x86_64 1.1.2 11.00 111.00 122.00 OK
r-oldrel-osx-x86_64 1.1.2 OK

Check Details

Version: 1.1.2
Check: DESCRIPTION meta-information
Result: NOTE
    Dependence on R version ‘3.3.1’ not with patchlevel 0
Flavor: r-patched-linux-x86_64

Version: 1.1.2
Check: whether package can be installed
Result: ERROR
    Installation failed.
Flavor: r-release-linux-x86_64