CRAN Package Check Results for Package goffda

Last updated on 2024-02-29 06:54:09 CET.

Flavor Version Tinstall Tcheck Ttotal Status Flags
r-devel-linux-x86_64-debian-clang 0.1.2 44.06 130.03 174.09 OK
r-devel-linux-x86_64-debian-gcc 0.1.2 29.87 96.19 126.06 OK
r-devel-linux-x86_64-fedora-clang 0.1.2 217.95 NOTE
r-devel-linux-x86_64-fedora-gcc 0.1.2 214.83 NOTE
r-devel-windows-x86_64 0.1.2 37.00 129.00 166.00 OK
r-patched-linux-x86_64 0.1.2 32.56 124.85 157.41 OK
r-release-linux-x86_64 0.1.2 30.57 122.49 153.06 OK
r-release-macos-arm64 0.1.2 64.00 OK
r-release-macos-x86_64 0.1.2 133.00 OK
r-release-windows-x86_64 0.1.2 46.00 158.00 204.00 OK
r-oldrel-macos-arm64 0.1.2 81.00 OK
r-oldrel-windows-x86_64 0.1.2 46.00 156.00 202.00 OK

Check Details

Version: 0.1.2
Check: data for non-ASCII characters
Result: NOTE Note: found 1352 marked UTF-8 strings Flavors: r-devel-linux-x86_64-fedora-clang, r-devel-linux-x86_64-fedora-gcc