Last updated on 2023-12-10 23:55:46 CET.
Flavor | Version | Tinstall | Tcheck | Ttotal | Status | Flags |
---|---|---|---|---|---|---|
r-devel-linux-x86_64-debian-clang | 1.0 | 2.65 | 26.68 | 29.33 | NOTE | |
r-devel-linux-x86_64-debian-gcc | 1.0 | 2.15 | 20.55 | 22.70 | NOTE | |
r-devel-linux-x86_64-fedora-clang | 1.0 | 36.77 | NOTE | |||
r-devel-linux-x86_64-fedora-gcc | 1.0 | 34.83 | NOTE | |||
r-devel-windows-x86_64 | 1.0 | 3.00 | 42.00 | 45.00 | NOTE | |
r-patched-linux-x86_64 | 1.0 | 2.74 | 26.32 | 29.06 | NOTE | |
r-release-linux-x86_64 | 1.0 | 2.45 | 26.19 | 28.64 | NOTE | |
r-release-macos-arm64 | 1.0 | 16.00 | NOTE | |||
r-release-macos-x86_64 | 1.0 | 21.00 | NOTE | |||
r-release-windows-x86_64 | 1.0 | 5.00 | 43.00 | 48.00 | NOTE | |
r-oldrel-macos-arm64 | 1.0 | 17.00 | NOTE | |||
r-oldrel-macos-x86_64 | 1.0 | 20.00 | NOTE | |||
r-oldrel-windows-x86_64 | 1.0 | 7.00 | 47.00 | 54.00 | NOTE |
Version: 1.0
Check: LazyData
Result: NOTE
'LazyData' is specified without a 'data' directory
Flavors: r-devel-linux-x86_64-debian-clang, r-devel-linux-x86_64-debian-gcc, r-devel-linux-x86_64-fedora-clang, r-devel-linux-x86_64-fedora-gcc, r-devel-windows-x86_64, r-patched-linux-x86_64, r-release-linux-x86_64, r-release-macos-arm64, r-release-macos-x86_64, r-release-windows-x86_64, r-oldrel-macos-arm64, r-oldrel-macos-x86_64, r-oldrel-windows-x86_64