CRAN Package Check Results for Package goftte

Last updated on 2019-10-14 00:47:40 CEST.

Flavor Version Tinstall Tcheck Ttotal Status Flags
r-devel-linux-x86_64-debian-clang 1.0.5 39.46 67.75 107.21 NOTE
r-devel-linux-x86_64-debian-gcc 1.0.5 37.56 52.90 90.46 NOTE
r-devel-linux-x86_64-fedora-clang 1.0.5 142.40 WARN
r-devel-linux-x86_64-fedora-gcc 1.0.5 144.17 NOTE
r-devel-windows-ix86+x86_64 1.0.5 62.00 106.00 168.00 OK
r-patched-linux-x86_64 1.0.5 36.74 60.82 97.56 NOTE
r-patched-solaris-x86 1.0.5 230.10 NOTE
r-release-linux-x86_64 1.0.5 34.99 60.91 95.90 NOTE
r-release-windows-ix86+x86_64 1.0.5 90.00 109.00 199.00 OK
r-release-osx-x86_64 1.0.5 OK
r-oldrel-windows-ix86+x86_64 1.0.5 57.00 100.00 157.00 OK
r-oldrel-osx-x86_64 1.0.5 OK

Check Details

Version: 1.0.5
Check: package dependencies
Result: NOTE
    Package suggested but not available for checking: 'gof'
Flavors: r-devel-linux-x86_64-debian-clang, r-devel-linux-x86_64-debian-gcc, r-devel-linux-x86_64-fedora-clang, r-devel-linux-x86_64-fedora-gcc, r-patched-linux-x86_64, r-patched-solaris-x86, r-release-linux-x86_64

Version: 1.0.5
Check: whether package can be installed
Result: WARN
    Found the following significant warnings:
     ./matrix.h:4401:3: warning: 'bind1st<std::__1::multiplies<double>, double>' is deprecated [-Wdeprecated-declarations]
     ./matrix.h:4401:3: warning: 'bind2nd<std::__1::multiplies<double>, double>' is deprecated [-Wdeprecated-declarations]
     ./matrix.h:2180:31: warning: 'bind1st<std::__1::multiplies<double>, double>' is deprecated [-Wdeprecated-declarations]
     ./matrix.h:2183:13: warning: 'bind2nd<std::__1::multiplies<double>, double>' is deprecated [-Wdeprecated-declarations]
     ./matrix.h:4436:3: warning: 'bind1st<std::__1::divides<double>, double>' is deprecated [-Wdeprecated-declarations]
     ./matrix.h:4436:3: warning: 'bind2nd<std::__1::divides<double>, double>' is deprecated [-Wdeprecated-declarations]
     ./matrix.h:4365:3: warning: 'bind1st<std::__1::minus<double>, double>' is deprecated [-Wdeprecated-declarations]
     ./matrix.h:4365:3: warning: 'bind2nd<std::__1::minus<double>, double>' is deprecated [-Wdeprecated-declarations]
     ./matrix.h:4330:3: warning: 'bind1st<std::__1::plus<double>, double>' is deprecated [-Wdeprecated-declarations]
     ./matrix.h:4330:3: warning: 'bind2nd<std::__1::plus<double>, double>' is deprecated [-Wdeprecated-declarations]
Flavor: r-devel-linux-x86_64-fedora-clang