Last updated on 2023-10-02 17:01:38 CEST.
Flavor | Version | Tinstall | Tcheck | Ttotal | Status | Flags |
---|---|---|---|---|---|---|
r-devel-linux-x86_64-debian-clang | 1.0.4 | 7.85 | 98.37 | 106.22 | NOTE | |
r-devel-linux-x86_64-debian-gcc | 1.0.4 | 5.35 | 74.47 | 79.82 | NOTE | |
r-devel-linux-x86_64-fedora-clang | 1.0.4 | 128.37 | NOTE | |||
r-devel-linux-x86_64-fedora-gcc | 1.0.4 | 169.99 | NOTE | |||
r-devel-windows-x86_64 | 1.0.4 | 10.00 | 107.00 | 117.00 | NOTE | |
r-patched-linux-x86_64 | 1.0.4 | 7.44 | 93.77 | 101.21 | OK | |
r-release-linux-x86_64 | 1.0.4 | 6.29 | 93.64 | 99.93 | OK | |
r-release-macos-arm64 | 1.0.4 | 65.00 | OK | |||
r-release-macos-x86_64 | 1.0.4 | 93.00 | OK | |||
r-release-windows-x86_64 | 1.0.4 | 17.00 | 123.00 | 140.00 | OK | |
r-oldrel-macos-arm64 | 1.0.4 | 65.00 | OK | |||
r-oldrel-macos-x86_64 | 1.0.4 | 78.00 | OK | |||
r-oldrel-windows-x86_64 | 1.0.4 | 13.00 | 134.00 | 147.00 | OK |
Version: 1.0.4
Check: Rd metadata
Result: NOTE
Rd files without \alias:
‘goodpractice-package.Rd’
Flavors: r-devel-linux-x86_64-debian-clang, r-devel-linux-x86_64-debian-gcc, r-devel-linux-x86_64-fedora-clang, r-devel-linux-x86_64-fedora-gcc, r-devel-windows-x86_64