CRAN Package Check Results for Package googlePolylines

Last updated on 2020-07-06 03:47:57 CEST.

Flavor Version Tinstall Tcheck Ttotal Status Flags
r-devel-linux-x86_64-debian-clang 0.7.2 51.27 31.90 83.17 NOTE
r-devel-linux-x86_64-debian-gcc 0.7.2 36.01 25.43 61.44 NOTE
r-devel-linux-x86_64-fedora-clang 0.7.2 115.62 NOTE
r-devel-linux-x86_64-fedora-gcc 0.7.2 100.20 NOTE
r-devel-windows-ix86+x86_64 0.7.2 124.00 99.00 223.00 NOTE
r-patched-linux-x86_64 0.7.2 36.30 32.59 68.89 NOTE
r-patched-solaris-x86 0.7.2 114.40 NOTE
r-release-linux-x86_64 0.7.2 38.94 32.91 71.85 NOTE
r-release-osx-x86_64 0.7.2 NOTE
r-release-windows-ix86+x86_64 0.7.2 99.00 112.00 211.00 NOTE
r-oldrel-osx-x86_64 0.7.2 NOTE
r-oldrel-windows-ix86+x86_64 0.7.2 92.00 86.00 178.00 NOTE

Check Details

Version: 0.7.2
Check: line endings in C/C++/Fortran sources/headers
Result: NOTE
    Found the following sources/headers not terminated with a newline:
     inst/include/googlePolylines.h
     inst/include/variants.h
    Some compilers warn on such files.
Flavors: r-devel-linux-x86_64-debian-clang, r-devel-linux-x86_64-debian-gcc, r-devel-linux-x86_64-fedora-clang, r-devel-linux-x86_64-fedora-gcc, r-devel-windows-ix86+x86_64, r-patched-linux-x86_64, r-patched-solaris-x86, r-release-linux-x86_64, r-release-osx-x86_64, r-release-windows-ix86+x86_64, r-oldrel-osx-x86_64, r-oldrel-windows-ix86+x86_64

Version: 0.7.2
Check: package vignettes
Result: NOTE
    Package vignette with placeholder title 'Vignette Title':
     'sfencode.Rmd'
Flavors: r-devel-linux-x86_64-debian-clang, r-devel-linux-x86_64-debian-gcc, r-devel-windows-ix86+x86_64, r-patched-linux-x86_64, r-release-linux-x86_64, r-release-windows-ix86+x86_64