CRAN Package Check Results for Package googleTagManageR

Last updated on 2023-12-10 13:49:29 CET.

Flavor Version Tinstall Tcheck Ttotal Status Flags
r-devel-linux-x86_64-debian-clang 0.2.0 7.28 66.41 73.69 OK
r-devel-linux-x86_64-debian-gcc 0.2.0 5.65 50.12 55.77 OK
r-devel-linux-x86_64-fedora-clang 0.2.0 90.38 NOTE
r-devel-linux-x86_64-fedora-gcc 0.2.0 92.27 NOTE
r-devel-windows-x86_64 0.2.0 9.00 90.00 99.00 OK
r-patched-linux-x86_64 0.2.0 7.99 62.71 70.70 OK
r-release-linux-x86_64 0.2.0 5.01 62.65 67.66 OK
r-release-macos-arm64 0.2.0 31.00 OK
r-release-macos-x86_64 0.2.0 46.00 OK
r-release-windows-x86_64 0.2.0 11.00 97.00 108.00 OK
r-oldrel-macos-arm64 0.2.0 33.00 NOTE
r-oldrel-macos-x86_64 0.2.0 43.00 NOTE
r-oldrel-windows-x86_64 0.2.0 10.00 87.00 97.00 OK

Check Details

Version: 0.2.0
Check: dependencies in R code
Result: NOTE Namespaces in Imports field not imported from: ‘assertthat’ ‘future’ ‘httr’ All declared Imports should be used. Flavors: r-devel-linux-x86_64-fedora-clang, r-devel-linux-x86_64-fedora-gcc, r-oldrel-macos-arm64, r-oldrel-macos-x86_64