CRAN Package Check Results for Package googleadsR

Last updated on 2024-04-15 10:50:49 CEST.

Flavor Version Tinstall Tcheck Ttotal Status Flags
r-devel-linux-x86_64-debian-clang 1.0.0 1.64 30.09 31.73 OK
r-devel-linux-x86_64-debian-gcc 1.0.0 1.49 22.88 24.37 OK
r-devel-linux-x86_64-fedora-clang 1.0.0 42.08 NOTE
r-devel-linux-x86_64-fedora-gcc 1.0.0 52.58 NOTE
r-prerel-macos-arm64 1.0.0 21.00 OK
r-prerel-windows-x86_64 1.0.0 2.00 43.00 45.00 OK
r-patched-linux-x86_64 1.0.0 1.96 29.30 31.26 OK
r-release-linux-x86_64 1.0.0 1.72 26.89 28.61 OK
r-release-macos-arm64 1.0.0 24.00 OK
r-release-macos-x86_64 1.0.0 33.00 OK
r-release-windows-x86_64 1.0.0 2.00 44.00 46.00 OK
r-oldrel-macos-arm64 1.0.0 19.00 OK
r-oldrel-windows-x86_64 1.0.0 4.00 47.00 51.00 OK

Check Details

Version: 1.0.0
Check: data for non-ASCII characters
Result: NOTE Note: found 1 marked UTF-8 string Flavors: r-devel-linux-x86_64-fedora-clang, r-devel-linux-x86_64-fedora-gcc