CRAN Package Check Results for Package googlesheets

Last updated on 2019-08-19 11:49:04 CEST.

Flavor Version Tinstall Tcheck Ttotal Status Flags
r-devel-linux-x86_64-debian-clang 0.3.0 6.12 49.07 55.19 OK
r-devel-linux-x86_64-debian-gcc 0.3.0 5.26 39.18 44.44 OK
r-devel-linux-x86_64-fedora-clang 0.3.0 69.08 NOTE
r-devel-linux-x86_64-fedora-gcc 0.3.0 65.39 NOTE
r-devel-windows-ix86+x86_64 0.3.0 19.00 104.00 123.00 OK
r-patched-linux-x86_64 0.3.0 6.06 48.24 54.30 OK
r-patched-solaris-x86 0.3.0 98.50 NOTE
r-release-linux-x86_64 0.3.0 6.02 48.26 54.28 OK
r-release-windows-ix86+x86_64 0.3.0 15.00 66.00 81.00 OK
r-release-osx-x86_64 0.3.0 NOTE
r-oldrel-windows-ix86+x86_64 0.3.0 21.00 91.00 112.00 OK
r-oldrel-osx-x86_64 0.3.0 NOTE

Check Details

Version: 0.3.0
Check: dependencies in R code
Result: NOTE
    Namespace in Imports field not imported from: ‘tibble’
     All declared Imports should be used.
Flavors: r-devel-linux-x86_64-fedora-clang, r-devel-linux-x86_64-fedora-gcc, r-patched-solaris-x86, r-release-osx-x86_64, r-oldrel-osx-x86_64