CRAN Package Check Results for Package googlesheets

Last updated on 2019-06-16 02:48:01 CEST.

Flavor Version Tinstall Tcheck Ttotal Status Flags
r-devel-linux-x86_64-debian-clang 0.3.0 5.30 49.53 54.83 OK
r-devel-linux-x86_64-debian-gcc 0.3.0 4.75 38.92 43.67 OK
r-devel-linux-x86_64-fedora-clang 0.3.0 65.54 NOTE
r-devel-linux-x86_64-fedora-gcc 0.3.0 62.35 NOTE
r-devel-windows-ix86+x86_64 0.3.0 25.00 115.00 140.00 OK
r-patched-linux-x86_64 0.3.0 5.13 48.47 53.60 OK
r-patched-solaris-x86 0.3.0 94.00 NOTE
r-release-linux-x86_64 0.3.0 6.64 48.99 55.63 OK
r-release-windows-ix86+x86_64 0.3.0 14.00 113.00 127.00 OK
r-release-osx-x86_64 0.3.0 NOTE
r-oldrel-windows-ix86+x86_64 0.3.0 10.00 85.00 95.00 OK
r-oldrel-osx-x86_64 0.3.0 NOTE

Check Details

Version: 0.3.0
Check: dependencies in R code
Result: NOTE
    Namespace in Imports field not imported from: ‘tibble’
     All declared Imports should be used.
Flavors: r-devel-linux-x86_64-fedora-clang, r-devel-linux-x86_64-fedora-gcc, r-patched-solaris-x86, r-release-osx-x86_64, r-oldrel-osx-x86_64