Last updated on 2022-07-04 07:48:56 CEST.
Flavor | Version | Tinstall | Tcheck | Ttotal | Status | Flags |
---|---|---|---|---|---|---|
r-devel-linux-x86_64-debian-clang | 0.4 | 24.08 | 281.86 | 305.94 | OK | |
r-devel-linux-x86_64-debian-gcc | 0.4 | 18.34 | 203.26 | 221.60 | OK | |
r-devel-linux-x86_64-fedora-clang | 0.4 | 378.63 | WARN | |||
r-devel-linux-x86_64-fedora-gcc | 0.4 | 362.38 | WARN | |||
r-devel-windows-x86_64 | 0.4 | 43.00 | 282.00 | 325.00 | OK | |
r-patched-linux-x86_64 | 0.4 | 23.26 | 266.88 | 290.14 | OK | |
r-release-linux-x86_64 | 0.4 | 20.33 | 266.31 | 286.64 | OK | |
r-release-macos-arm64 | 0.4 | 101.00 | NOTE | |||
r-release-macos-x86_64 | 0.4 | 129.00 | NOTE | |||
r-release-windows-x86_64 | 0.4 | 38.00 | 282.00 | 320.00 | OK | |
r-oldrel-macos-arm64 | 0.4 | 86.00 | NOTE | |||
r-oldrel-macos-x86_64 | 0.4 | 123.00 | NOTE | |||
r-oldrel-windows-ix86+x86_64 | 0.4 | 8.00 | 10.00 | 18.00 | ERROR |
Version: 0.4
Check: package dependencies
Result: WARN
Requires (indirectly) orphaned package: ‘gtools’
Flavors: r-devel-linux-x86_64-fedora-clang, r-devel-linux-x86_64-fedora-gcc
Version: 0.4
Check: dependencies in R code
Result: NOTE
Namespace in Imports field not imported from: ‘gnm’
All declared Imports should be used.
Flavors: r-devel-linux-x86_64-fedora-clang, r-devel-linux-x86_64-fedora-gcc, r-release-macos-arm64, r-release-macos-x86_64, r-oldrel-macos-arm64, r-oldrel-macos-x86_64
Version: 0.4
Check: whether package can be installed
Result: ERROR
Installation failed.
Flavor: r-oldrel-windows-ix86+x86_64