CRAN Package Check Results for Package govdown

Last updated on 2022-01-19 20:54:37 CET.

Flavor Version Tinstall Tcheck Ttotal Status Flags
r-devel-linux-x86_64-debian-clang 0.10.1 NOTE
r-devel-linux-x86_64-debian-gcc 0.10.1 1.81 24.38 26.19 NOTE
r-devel-linux-x86_64-fedora-clang 0.10.1 42.17 NOTE
r-devel-linux-x86_64-fedora-gcc 0.10.1 29.30 NOTE
r-devel-windows-x86_64-new-UL 0.10.1 109.00 53.00 162.00 NOTE
r-devel-windows-x86_64-new-TK 0.10.1 NOTE
r-patched-linux-x86_64 0.10.1 2.42 29.29 31.71 NOTE
r-release-linux-x86_64 0.10.1 NOTE
r-release-macos-arm64 0.10.1 NOTE
r-release-macos-x86_64 0.10.1 NOTE
r-release-windows-ix86+x86_64 0.10.1 6.00 39.00 45.00 NOTE
r-oldrel-macos-x86_64 0.10.1 OK
r-oldrel-windows-ix86+x86_64 0.10.1 6.00 39.00 45.00 OK

Check Details

Version: 0.10.1
Check: LazyData
Result: NOTE
     'LazyData' is specified without a 'data' directory
Flavors: r-devel-linux-x86_64-debian-clang, r-devel-linux-x86_64-debian-gcc, r-devel-linux-x86_64-fedora-clang, r-devel-linux-x86_64-fedora-gcc, r-devel-windows-x86_64-new-UL, r-devel-windows-x86_64-new-TK, r-patched-linux-x86_64, r-release-linux-x86_64, r-release-macos-arm64, r-release-macos-x86_64, r-release-windows-ix86+x86_64