CRAN Package Check Results for Package gower

Last updated on 2020-09-22 06:47:27 CEST.

Flavor Version Tinstall Tcheck Ttotal Status Flags
r-devel-linux-x86_64-debian-clang 0.2.2 2.99 22.98 25.97 OK
r-devel-linux-x86_64-debian-gcc 0.2.2 0.32 1.82 2.14 ERROR
r-devel-linux-x86_64-fedora-clang 0.2.2 41.56 OK
r-devel-linux-x86_64-fedora-gcc 0.2.2 32.13 OK
r-devel-windows-ix86+x86_64 0.2.2 10.00 62.00 72.00 OK
r-patched-linux-x86_64 0.2.2 2.73 23.01 25.74 OK
r-patched-solaris-x86 0.2.2 48.60 OK
r-release-linux-x86_64 0.2.2 2.88 23.18 26.06 OK
r-release-macos-x86_64 0.2.2 OK
r-release-windows-ix86+x86_64 0.2.2 13.00 65.00 78.00 OK
r-oldrel-macos-x86_64 0.2.2 OK
r-oldrel-windows-ix86+x86_64 0.2.2 11.00 67.00 78.00 OK

Check Details

Version: 0.2.2
Check: whether package can be installed
Result: ERROR
    Installation failed.
Flavor: r-devel-linux-x86_64-debian-gcc