CRAN Package Check Results for Package gpbStat

Last updated on 2022-07-07 14:53:18 CEST.

Flavor Version Tinstall Tcheck Ttotal Status Flags
r-devel-linux-x86_64-debian-clang 0.3.5 4.92 51.54 56.46 OK
r-devel-linux-x86_64-debian-gcc 0.3.5 3.93 37.92 41.85 OK
r-devel-linux-x86_64-fedora-clang 0.3.5 77.42 NOTE
r-devel-linux-x86_64-fedora-gcc 0.3.5 74.44 NOTE
r-devel-windows-x86_64 0.3.5 26.00 88.00 114.00 OK
r-patched-linux-x86_64 0.3.5 6.49 48.06 54.55 OK
r-release-linux-x86_64 0.3.5 6.20 48.03 54.23 OK
r-release-macos-arm64 0.3.5 26.00 NOTE
r-release-macos-x86_64 0.3.5 45.00 NOTE
r-release-windows-x86_64 0.3.5 23.00 92.00 115.00 OK
r-oldrel-macos-arm64 0.3.5 27.00 NOTE
r-oldrel-macos-x86_64 0.3.5 41.00 NOTE
r-oldrel-windows-ix86+x86_64 0.3.5 11.00 73.00 84.00 OK

Check Details

Version: 0.3.5
Check: dependencies in R code
Result: NOTE
    Namespaces in Imports field not imported from:
     ‘dplyr’ ‘utils’
     All declared Imports should be used.
Flavors: r-devel-linux-x86_64-fedora-clang, r-devel-linux-x86_64-fedora-gcc, r-release-macos-arm64, r-release-macos-x86_64, r-oldrel-macos-arm64, r-oldrel-macos-x86_64