CRAN Package Check Results for Package gplm

Last updated on 2022-10-02 19:52:24 CEST.

Flavor Version Tinstall Tcheck Ttotal Status Flags
r-devel-linux-x86_64-debian-clang 0.7-4 10.85 94.88 105.73 OK
r-devel-linux-x86_64-debian-gcc 0.7-4 7.90 72.74 80.64 OK
r-devel-linux-x86_64-fedora-clang 0.7-4 146.55 NOTE
r-devel-linux-x86_64-fedora-gcc 0.7-4 145.03 NOTE
r-devel-windows-x86_64 0.7-4 20.00 150.00 170.00 OK
r-patched-linux-x86_64 0.7-4 9.20 89.32 98.52 OK
r-release-linux-x86_64 0.7-4 9.69 88.41 98.10 OK
r-release-macos-arm64 0.7-4 45.00 OK
r-release-macos-x86_64 0.7-4 74.00 OK
r-release-windows-x86_64 0.7-4 18.00 153.00 171.00 OK
r-oldrel-macos-arm64 0.7-4 70.00 OK
r-oldrel-macos-x86_64 0.7-4 84.00 OK
r-oldrel-windows-ix86+x86_64 0.7-4 25.00 154.00 179.00 OK

Check Details

Version: 0.7-4
Check: compiled code
Result: NOTE
    File ‘gplm/libs/gplm.so’:
     Found no calls to: ‘R_registerRoutines’, ‘R_useDynamicSymbols’
    
    It is good practice to register native routines and to disable symbol
    search.
    
    See ‘Writing portable packages’ in the ‘Writing R Extensions’ manual.
Flavors: r-devel-linux-x86_64-fedora-clang, r-devel-linux-x86_64-fedora-gcc