Last updated on 2023-03-29 00:57:09 CEST.
Flavor | Version | Tinstall | Tcheck | Ttotal | Status | Flags |
---|---|---|---|---|---|---|
r-devel-linux-x86_64-debian-clang | 0.7-4 | 9.83 | 97.65 | 107.48 | OK | |
r-devel-linux-x86_64-debian-gcc | 0.7-4 | 7.64 | 75.16 | 82.80 | OK | |
r-devel-linux-x86_64-fedora-clang | 0.7-4 | 135.61 | NOTE | |||
r-devel-linux-x86_64-fedora-gcc | 0.7-4 | 141.91 | NOTE | |||
r-devel-windows-x86_64 | 0.7-4 | 28.00 | 0.00 | 28.00 | OK | |
r-patched-linux-x86_64 | 0.7-4 | 10.67 | 95.05 | 105.72 | OK | |
r-release-linux-x86_64 | 0.7-4 | 7.88 | 89.41 | 97.29 | OK | |
r-release-macos-arm64 | 0.7-4 | 45.00 | OK | |||
r-release-macos-x86_64 | 0.7-4 | 74.00 | OK | |||
r-release-windows-x86_64 | 0.7-4 | 20.00 | 162.00 | 182.00 | OK | |
r-oldrel-macos-arm64 | 0.7-4 | 70.00 | OK | |||
r-oldrel-macos-x86_64 | 0.7-4 | 84.00 | OK | |||
r-oldrel-windows-ix86+x86_64 | 0.7-4 | 23.00 | 153.00 | 176.00 | OK |
Version: 0.7-4
Check: compiled code
Result: NOTE
File ‘gplm/libs/gplm.so’:
Found no calls to: ‘R_registerRoutines’, ‘R_useDynamicSymbols’
It is good practice to register native routines and to disable symbol
search.
See ‘Writing portable packages’ in the ‘Writing R Extensions’ manual.
Flavors: r-devel-linux-x86_64-fedora-clang, r-devel-linux-x86_64-fedora-gcc