CRAN Package Check Results for Package gplots

Last updated on 2020-08-05 06:47:22 CEST.

Flavor Version Tinstall Tcheck Ttotal Status Flags
r-devel-linux-x86_64-debian-clang 3.0.4 7.45 75.54 82.99 OK
r-devel-linux-x86_64-debian-gcc 3.0.4 6.05 56.68 62.73 OK
r-devel-linux-x86_64-fedora-clang 3.0.4 106.25 NOTE
r-devel-linux-x86_64-fedora-gcc 3.0.4 102.22 OK
r-devel-windows-ix86+x86_64 3.0.4 17.00 87.00 104.00 OK
r-patched-linux-x86_64 3.0.4 6.97 74.09 81.06 OK
r-patched-solaris-x86 3.0.4 129.90 OK
r-release-linux-x86_64 3.0.4 7.18 74.92 82.10 OK
r-release-macos-x86_64 3.0.4 OK
r-release-windows-ix86+x86_64 3.0.4 16.00 97.00 113.00 OK
r-oldrel-macos-x86_64 3.0.4 OK
r-oldrel-windows-ix86+x86_64 3.0.4 9.00 105.00 114.00 OK

Check Details

Version: 3.0.4
Check: Rd cross-references
Result: NOTE
    Undeclared package ‘r2d2’ in Rd xrefs
Flavor: r-devel-linux-x86_64-fedora-clang