CRAN Package Check Results for Package gppm

Last updated on 2023-03-23 02:49:44 CET.

Flavor Version Tinstall Tcheck Ttotal Status Flags
r-devel-linux-x86_64-debian-clang 0.2.0 10.29 274.24 284.53 OK
r-devel-linux-x86_64-debian-gcc 0.2.0 8.98 212.85 221.83 OK
r-devel-linux-x86_64-fedora-clang 0.2.0 320.21 OK
r-devel-linux-x86_64-fedora-gcc 0.2.0 345.54 OK
r-patched-linux-x86_64 0.2.0 11.66 260.86 272.52 OK
r-release-linux-x86_64 0.2.0 10.20 260.56 270.76 OK
r-release-macos-arm64 0.2.0 83.00 OK
r-release-macos-x86_64 0.2.0 193.00 OK
r-release-windows-x86_64 0.2.0 29.00 203.00 232.00 ERROR
r-oldrel-macos-arm64 0.2.0 87.00 OK
r-oldrel-macos-x86_64 0.2.0 172.00 OK
r-oldrel-windows-ix86+x86_64 0.2.0 25.00 199.00 224.00 ERROR

Check Details

Version: 0.2.0
Check: tests
Result: ERROR
     Running 'testthat.R' [122s]
    Running the tests in 'tests/testthat.R' failed.
    Complete output:
     > Sys.setenv("R_TESTS" = "")
     > library(testthat)
     > library(gppm)
     Loading required package: Rcpp
     >
     > test_check("gppm")
     make cmd is
     make -f "D:/RCompile/recent/R-4.2.3/etc/x64/Makeconf" -f "D:/RCompile/recent/R-4.2.3/share/make/winshlib.mk" CXX='$(CXX14) $(CXX14STD)' CXXFLAGS='$(CXX14FLAGS)' CXXPICFLAGS='$(CXX14PICFLAGS)' SHLIB_LDFLAGS='$(SHLIB_CXX14LDFLAGS)' SHLIB_LD='$(SHLIB_CXX14LD)' SHLIB="file900c31993497.dll" WIN=64 TCLBIN= OBJECTS="file900c31993497.o"
    
     make would use
     make[1]: Entering directory '/d/temp/RtmpM1WiXC'
     if test "zfile900c31993497.o" != "z"; then \
     if test -e "file900c31993497-win.def"; then \
     echo g++ -shared -s -static-libgcc -o file900c31993497.dll file900c31993497-win.def file900c31993497.o -L"d:/rtools42/x86_64-w64-mingw32.static.posix/lib/x64" -L"d:/rtools42/x86_64-w64-mingw32.static.posix/lib" -L"D:/RCompile/recent/R-4.2.3/bin/x64" -lR ; \
     g++ -shared -s -static-libgcc -o file900c31993497.dll file900c31993497-win.def file900c31993497.o -L"d:/rtools42/x86_64-w64-mingw32.static.posix/lib/x64" -L"d:/rtools42/x86_64-w64-mingw32.static.posix/lib" -L"D:/RCompile/recent/R-4.2.3/bin/x64" -lR ; \
     else \
     echo EXPORTS > tmp.def; \
     nm file900c31993497.o | sed -n 's/^.* [BCDRT] / /p' | sed -e '/[.]refptr[.]/d' -e '/[.]weak[.]/d' | sed 's/[^ ][^ ]*/"&"/g' >> tmp.def; \
     echo g++ -shared -s -static-libgcc -o file900c31993497.dll tmp.def file900c31993497.o -L"d:/rtools42/x86_64-w64-mingw32.static.posix/lib/x64" -L"d:/rtools42/x86_64-w64-mingw32.static.posix/lib" -L"D:/RCompile/recent/R-4.2.3/bin/x64" -lR ; \
     g++ -shared -s -static-libgcc -o file900c31993497.dll tmp.def file900c31993497.o -L"d:/rtools42/x86_64-w64-mingw32.static.posix/lib/x64" -L"d:/rtools42/x86_64-w64-mingw32.static.posix/lib" -L"D:/RCompile/recent/R-4.2.3/bin/x64" -lR ; \
     rm -f tmp.def; \
     fi \
     fi
     make[1]: Leaving directory '/d/temp/RtmpM1WiXC'
     Error in compileCode(f, code, language = language, verbose = verbose) :
     D:\rtools42\x86_64-w64-mingw32.static.posix\bin/ld.exe: file900c31993497.o:file900c31993497.cpp:(.text$_ZN3tbb8internal26task_scheduler_observer_v3D0Ev[_ZN3tbb8internal26task_scheduler_observer_v3D0Ev]+0x1d): undefined reference to `tbb::internal::task_scheduler_observer_v3::observe(bool)'D:\rtools42\x86_64-w64-mingw32.static.posix\bin/ld.exe: file900c31993497.o:file900c31993497.cpp:(.text$_ZN3tbb10interface623task_scheduler_observerD1Ev[_ZN3tbb10interface623task_scheduler_observerD1Ev]+0x1d): undefined reference to `tbb::internal::task_scheduler_observer_v3::observe(bool)'D:\rtools42\x86_64-w64-mingw32.static.posix\bin/ld.exe: file900c31993497.o:file900c31993497.cpp:(.text$_ZN3tbb10interface623task_scheduler_observerD1Ev[_ZN3tbb10interface623task_scheduler_observerD1Ev]+0x3a): undefined reference to `tbb::internal::task_scheduler_observer_v3::observe(bool)'D:\rtools42\x86_64-w64-mingw32.static.posix\bin/ld.exe: file900c31993497.o:file900c31993497.cpp:(.text$_ZN3tbb10interface
     Calls: test_check ... <Anonymous> -> <Anonymous> -> force -> cxxfunction -> compileCode
     Error in sink(type = "output") : invalid connection
     Calls: test_check ... withVisible -> <Anonymous> -> cxxfunctionplus -> sink
     Execution halted
Flavor: r-release-windows-x86_64

Version: 0.2.0
Check: tests
Result: ERROR
     Running 'testthat.R' [83s]
    Running the tests in 'tests/testthat.R' failed.
    Complete output:
     > Sys.setenv("R_TESTS" = "")
     > library(testthat)
     > library(gppm)
     Loading required package: Rcpp
     >
     > test_check("gppm")
     make cmd is
     make -f "D:/RCompile/recent/R-41~1.3/etc/x64/Makeconf" -f "D:/RCompile/recent/R-41~1.3/etc/x64/Makevars.site" -f "D:/RCompile/recent/R-41~1.3/share/make/winshlib.mk" CXX='$(CXX14) $(CXX14STD)' CXXFLAGS='$(CXX14FLAGS)' CXXPICFLAGS='$(CXX14PICFLAGS)' SHLIB_LDFLAGS='$(SHLIB_CXX14LDFLAGS)' SHLIB_LD='$(SHLIB_CXX14LD)' SHLIB="file17a8c1b8218e3.dll" WIN=64 TCLBIN=64 OBJECTS="file17a8c1b8218e3.o"
    
     make would use
     make[1]: Entering directory '/d/temp/RtmpWguXWh'
     if test "zfile17a8c1b8218e3.o" != "z"; then \
     if test -e "file17a8c1b8218e3-win.def"; then \
     echo d:/Compiler/rtools40/mingw64/bin/g++ -shared -s -static-libgcc -o file17a8c1b8218e3.dll file17a8c1b8218e3-win.def file17a8c1b8218e3.o -L"d:/Compiler/gcc-4.9.3/local330/lib/x64" -L"d:/Compiler/gcc-4.9.3/local330/lib" -L"D:/RCompile/recent/R-41~1.3/bin/x64" -lR ; \
     d:/Compiler/rtools40/mingw64/bin/g++ -shared -s -static-libgcc -o file17a8c1b8218e3.dll file17a8c1b8218e3-win.def file17a8c1b8218e3.o -L"d:/Compiler/gcc-4.9.3/local330/lib/x64" -L"d:/Compiler/gcc-4.9.3/local330/lib" -L"D:/RCompile/recent/R-41~1.3/bin/x64" -lR ; \
     else \
     echo EXPORTS > tmp.def; \
     d:/Compiler/rtools40/mingw64/bin/nm file17a8c1b8218e3.o | sed -n 's/^.* [BCDRT] / /p' | sed -e '/[.]refptr[.]/d' -e '/[.]weak[.]/d' | sed 's/[^ ][^ ]*/"&"/g' >> tmp.def; \
     echo d:/Compiler/rtools40/mingw64/bin/g++ -shared -s -static-libgcc -o file17a8c1b8218e3.dll tmp.def file17a8c1b8218e3.o -L"d:/Compiler/gcc-4.9.3/local330/lib/x64" -L"d:/Compiler/gcc-4.9.3/local330/lib" -L"D:/RCompile/recent/R-41~1.3/bin/x64" -lR ; \
     d:/Compiler/rtools40/mingw64/bin/g++ -shared -s -static-libgcc -o file17a8c1b8218e3.dll tmp.def file17a8c1b8218e3.o -L"d:/Compiler/gcc-4.9.3/local330/lib/x64" -L"d:/Compiler/gcc-4.9.3/local330/lib" -L"D:/RCompile/recent/R-41~1.3/bin/x64" -lR ; \
     rm -f tmp.def; \
     fi \
     fi
     make[1]: Leaving directory '/d/temp/RtmpWguXWh'
     Error in compileCode(f, code, language = language, verbose = verbose) :
     D:/Compiler/rtools40/mingw64/bin/../lib/gcc/x86_64-w64-mingw32/8.3.0/../../../../x86_64-w64-mingw32/bin/ld.exe: file17a8c1b8218e3.o:file17a8c1b8218e3.cpp:(.text$_ZN3tbb8internal26task_scheduler_observer_v3D1Ev[_ZN3tbb8internal26task_scheduler_observer_v3D1Ev]+0x14): undefined reference to `tbb::internal::task_scheduler_observer_v3::observe(bool)'D:/Compiler/rtools40/mingw64/bin/../lib/gcc/x86_64-w64-mingw32/8.3.0/../../../../x86_64-w64-mingw32/bin/ld.exe: file17a8c1b8218e3.o:file17a8c1b8218e3.cpp:(.text$_ZN3tbb8internal26task_scheduler_observer_v3D0Ev[_ZN3tbb8internal26task_scheduler_observer_v3D0Ev]+0x1c): undefined reference to `tbb::internal::task_scheduler_observer_v3::observe(bool)'D:/Compiler/rtools40/mingw64/bin/../lib/gcc/x86_64-w64-mingw32/8.3.0/../../../../x86_64-w64-mingw32/bin/ld.exe: file17a8c1b8218e3.o:file17a8c1b8218e3.cpp:(.text$_ZN3tbb10interface623task_scheduler_observerD0Ev[_ZN3tbb10interface623task_scheduler_observerD0Ev]+0x1c): undefined reference to `tbb:
     Calls: test_check ... <Anonymous> -> <Anonymous> -> force -> cxxfunction -> compileCode
     Error in sink(type = "output") : invalid connection
     Calls: test_check ... withVisible -> <Anonymous> -> cxxfunctionplus -> sink
     Execution halted
Flavor: r-oldrel-windows-ix86+x86_64