CRAN Package Check Results for Package gprofiler2

Last updated on 2022-12-07 04:50:20 CET.

Flavor Version Tinstall Tcheck Ttotal Status Flags
r-devel-linux-x86_64-debian-clang 0.2.1 7.92 88.25 96.17 OK
r-devel-linux-x86_64-debian-gcc 0.2.1 6.32 66.54 72.86 OK
r-devel-linux-x86_64-fedora-clang 0.2.1 130.32 NOTE
r-devel-linux-x86_64-fedora-gcc 0.2.1 136.90 OK
r-devel-windows-x86_64 0.2.1 26.00 145.00 171.00 NOTE
r-patched-linux-x86_64 0.2.1 7.19 83.11 90.30 OK
r-release-linux-x86_64 0.2.1 8.38 84.45 92.83 OK
r-release-macos-arm64 0.2.1 78.00 NOTE
r-release-macos-x86_64 0.2.1 103.00 NOTE
r-release-windows-x86_64 0.2.1 32.00 148.00 180.00 NOTE
r-oldrel-macos-arm64 0.2.1 174.00 NOTE
r-oldrel-macos-x86_64 0.2.1 92.00 NOTE
r-oldrel-windows-ix86+x86_64 0.2.1 22.00 145.00 167.00 NOTE

Check Details

Version: 0.2.1
Check: installed package size
Result: NOTE
     installed size is 5.5Mb
     sub-directories of 1Mb or more:
     doc 5.3Mb
Flavors: r-devel-linux-x86_64-fedora-clang, r-devel-windows-x86_64, r-release-macos-arm64, r-release-macos-x86_64, r-release-windows-x86_64, r-oldrel-macos-arm64, r-oldrel-macos-x86_64, r-oldrel-windows-ix86+x86_64