CRAN Package Check Results for Package gquad

Last updated on 2022-12-09 23:52:08 CET.

Flavor Version Tinstall Tcheck Ttotal Status Flags
r-devel-linux-x86_64-debian-clang 2.1-2 4.34 49.39 53.73 OK
r-devel-linux-x86_64-debian-gcc 2.1-2 3.24 40.75 43.99 OK
r-devel-linux-x86_64-fedora-clang 2.1-2 73.61 OK
r-devel-linux-x86_64-fedora-gcc 2.1-2 83.20 OK
r-devel-windows-x86_64 2.1-2 15.00 97.00 112.00 OK
r-patched-linux-x86_64 2.1-2 5.74 44.37 50.11 OK
r-release-linux-x86_64 2.1-2 5.44 44.52 49.96 OK
r-release-macos-arm64 2.1-2 24.00 OK
r-release-macos-x86_64 2.1-2 34.00 OK
r-release-windows-x86_64 2.1-2 14.00 83.00 97.00 OK
r-oldrel-macos-arm64 2.1-1 28.00 NOTE
r-oldrel-macos-x86_64 2.1-1 42.00 NOTE
r-oldrel-windows-ix86+x86_64 2.1-1 12.00 66.00 78.00 NOTE

Check Details

Version: 2.1-1
Check: LazyData
Result: NOTE
     'LazyData' is specified without a 'data' directory
Flavors: r-oldrel-macos-arm64, r-oldrel-macos-x86_64, r-oldrel-windows-ix86+x86_64