CRAN Package Check Results for Package gradientPickerD3

Last updated on 2021-10-25 02:50:57 CEST.

Flavor Version Tinstall Tcheck Ttotal Status Flags
r-devel-linux-x86_64-debian-clang 0.1.0.0 3.17 31.17 34.34 NOTE
r-devel-linux-x86_64-debian-gcc 0.1.0.0 2.69 24.58 27.27 NOTE
r-devel-linux-x86_64-fedora-clang 0.1.0.0 51.95 NOTE
r-devel-linux-x86_64-fedora-gcc 0.1.0.0 41.98 NOTE
r-devel-windows-x86_64 0.1.0.0 7.00 56.00 63.00 NOTE
r-devel-windows-x86_64-gcc10-UCRT 0.1.0.0 NOTE
r-patched-linux-x86_64 0.1.0.0 7.19 30.55 37.74 NOTE
r-patched-solaris-x86 0.1.0.0 67.20 NOTE
r-release-linux-x86_64 0.1.0.0 3.56 30.20 33.76 NOTE
r-release-macos-arm64 0.1.0.0 NOTE
r-release-macos-x86_64 0.1.0.0 NOTE
r-release-windows-ix86+x86_64 0.1.0.0 7.00 55.00 62.00 NOTE
r-oldrel-macos-x86_64 0.1.0.0 OK
r-oldrel-windows-ix86+x86_64 0.1.0.0 10.00 53.00 63.00 OK

Check Details

Version: 0.1.0.0
Check: LazyData
Result: NOTE
     'LazyData' is specified without a 'data' directory
Flavors: r-devel-linux-x86_64-debian-clang, r-devel-linux-x86_64-debian-gcc, r-devel-linux-x86_64-fedora-clang, r-devel-linux-x86_64-fedora-gcc, r-devel-windows-x86_64, r-devel-windows-x86_64-gcc10-UCRT, r-patched-linux-x86_64, r-patched-solaris-x86, r-release-linux-x86_64, r-release-macos-arm64, r-release-macos-x86_64, r-release-windows-ix86+x86_64