CRAN Package Check Results for Package grafify

Last updated on 2022-12-08 00:52:21 CET.

Flavor Version Tinstall Tcheck Ttotal Status Flags
r-devel-linux-x86_64-debian-clang 3.0.0 20.54 246.27 266.81 OK
r-devel-linux-x86_64-debian-gcc 3.0.0 16.86 177.77 194.63 OK
r-devel-linux-x86_64-fedora-clang 3.0.0 355.75 NOTE
r-devel-linux-x86_64-fedora-gcc 3.0.0 346.58 OK
r-devel-windows-x86_64 3.0.0 52.00 286.00 338.00 OK
r-patched-linux-x86_64 3.0.0 27.21 214.81 242.02 OK
r-release-linux-x86_64 3.0.0 17.28 228.08 245.36 OK
r-release-macos-arm64 3.0.0 62.00 OK
r-release-macos-x86_64 3.0.0 109.00 OK
r-release-windows-x86_64 3.0.0 74.00 265.00 339.00 OK
r-oldrel-macos-arm64 3.0.0 64.00 OK
r-oldrel-macos-x86_64 3.0.0 104.00 OK
r-oldrel-windows-ix86+x86_64 3.0.0 46.00 263.00 309.00 OK

Check Details

Version: 3.0.0
Check: Rd cross-references
Result: NOTE
    Undeclared package ‘gratia’ in Rd xrefs
Flavor: r-devel-linux-x86_64-fedora-clang