CRAN Package Check Results for Package grand

Last updated on 2024-06-13 21:49:16 CEST.

Flavor Version Tinstall Tcheck Ttotal Status Flags
r-devel-linux-x86_64-debian-clang 0.9.0 4.41 38.63 43.04 OK
r-devel-linux-x86_64-debian-gcc 0.9.0 0.41 1.83 2.24 ERROR
r-devel-linux-x86_64-fedora-clang 0.9.0 54.47 OK
r-devel-linux-x86_64-fedora-gcc 0.9.0 65.12 OK
r-devel-windows-x86_64 0.9.0 5.00 51.00 56.00 OK
r-patched-linux-x86_64 0.9.0 7.30 37.99 45.29 OK
r-release-linux-x86_64 0.9.0 2.90 37.21 40.11 OK
r-release-macos-arm64 0.9.0 27.00 OK
r-release-macos-x86_64 0.9.0 41.00 OK
r-release-windows-x86_64 0.9.0 5.00 59.00 64.00 OK
r-oldrel-macos-arm64 0.9.0 26.00 OK
r-oldrel-macos-x86_64 0.9.0 33.00 OK
r-oldrel-windows-x86_64 0.9.0 6.00 53.00 59.00 OK

Check Details

Version: 0.9.0
Check: package dependencies
Result: ERROR Package required but not available: ‘igraph’ See section ‘The DESCRIPTION file’ in the ‘Writing R Extensions’ manual. Flavor: r-devel-linux-x86_64-debian-gcc