CRAN Package Check Results for Package graph3d

Last updated on 2022-10-02 07:54:27 CEST.

Flavor Version Tinstall Tcheck Ttotal Status Flags
r-devel-linux-x86_64-debian-clang 0.2.0 2.77 32.39 35.16 NOTE
r-devel-linux-x86_64-debian-gcc 0.2.0 2.33 24.94 27.27 NOTE
r-devel-linux-x86_64-fedora-clang 0.2.0 55.71 NOTE
r-devel-linux-x86_64-fedora-gcc 0.2.0 55.60 NOTE
r-devel-windows-x86_64 0.2.0 9.00 58.00 67.00 NOTE
r-patched-linux-x86_64 0.2.0 3.02 31.49 34.51 NOTE
r-release-linux-x86_64 0.2.0 2.27 31.30 33.57 NOTE
r-release-macos-arm64 0.2.0 18.00 NOTE
r-release-macos-x86_64 0.2.0 37.00 NOTE
r-release-windows-x86_64 0.2.0 16.00 56.00 72.00 NOTE
r-oldrel-macos-arm64 0.2.0 24.00 NOTE
r-oldrel-macos-x86_64 0.2.0 31.00 NOTE
r-oldrel-windows-ix86+x86_64 0.2.0 7.00 55.00 62.00 NOTE

Check Details

Version: 0.2.0
Check: LazyData
Result: NOTE
     'LazyData' is specified without a 'data' directory
Flavors: r-devel-linux-x86_64-debian-clang, r-devel-linux-x86_64-debian-gcc, r-devel-linux-x86_64-fedora-clang, r-devel-linux-x86_64-fedora-gcc, r-devel-windows-x86_64, r-patched-linux-x86_64, r-release-linux-x86_64, r-release-macos-arm64, r-release-macos-x86_64, r-release-windows-x86_64, r-oldrel-macos-arm64, r-oldrel-macos-x86_64, r-oldrel-windows-ix86+x86_64