CRAN Package Check Results for Package graph3d

Last updated on 2023-03-29 01:51:30 CEST.

Flavor Version Tinstall Tcheck Ttotal Status Flags
r-devel-linux-x86_64-debian-clang 0.2.0 2.79 31.61 34.40 NOTE
r-devel-linux-x86_64-debian-gcc 0.2.0 2.62 25.12 27.74 NOTE
r-devel-linux-x86_64-fedora-clang 0.2.0 44.67 NOTE
r-devel-linux-x86_64-fedora-gcc 0.2.0 41.93 NOTE
r-devel-windows-x86_64 0.2.0 14.00 0.00 14.00 NOTE
r-patched-linux-x86_64 0.2.0 3.49 32.13 35.62 NOTE
r-release-linux-x86_64 0.2.0 2.79 31.83 34.62 NOTE
r-release-macos-arm64 0.2.0 18.00 NOTE
r-release-macos-x86_64 0.2.0 37.00 NOTE
r-release-windows-x86_64 0.2.0 18.00 60.00 78.00 NOTE
r-oldrel-macos-arm64 0.2.0 24.00 NOTE
r-oldrel-macos-x86_64 0.2.0 31.00 NOTE
r-oldrel-windows-ix86+x86_64 0.2.0 9.00 75.00 84.00 NOTE

Check Details

Version: 0.2.0
Check: LazyData
Result: NOTE
     'LazyData' is specified without a 'data' directory
Flavors: r-devel-linux-x86_64-debian-clang, r-devel-linux-x86_64-debian-gcc, r-devel-linux-x86_64-fedora-clang, r-devel-linux-x86_64-fedora-gcc, r-devel-windows-x86_64, r-patched-linux-x86_64, r-release-linux-x86_64, r-release-macos-arm64, r-release-macos-x86_64, r-release-windows-x86_64, r-oldrel-macos-arm64, r-oldrel-macos-x86_64, r-oldrel-windows-ix86+x86_64