CRAN Package Check Results for Package graphTweets

Last updated on 2019-05-19 12:46:27 CEST.

Flavor Version Tinstall Tcheck Ttotal Status Flags
r-devel-linux-x86_64-debian-clang 0.5.1 3.26 33.62 36.88 OK
r-devel-linux-x86_64-debian-gcc 0.5.1 2.82 26.77 29.59 OK
r-devel-linux-x86_64-fedora-clang 0.5.1 42.63 NOTE
r-devel-linux-x86_64-fedora-gcc 0.5.1 43.84 NOTE
r-devel-windows-ix86+x86_64 0.5.1 13.00 74.00 87.00 OK
r-patched-linux-x86_64 0.5.1 3.45 33.04 36.49 OK
r-patched-solaris-x86 0.5.1 64.40 NOTE
r-release-linux-x86_64 0.5.1 4.03 32.85 36.88 OK
r-release-windows-ix86+x86_64 0.5.1 13.00 66.00 79.00 OK
r-release-osx-x86_64 0.5.1 NOTE
r-oldrel-windows-ix86+x86_64 0.5.1 8.00 80.00 88.00 OK
r-oldrel-osx-x86_64 0.5.1 NOTE

Check Details

Version: 0.5.1
Check: dependencies in R code
Result: NOTE
    Namespace in Imports field not imported from: ‘utils’
     All declared Imports should be used.
Flavors: r-devel-linux-x86_64-fedora-clang, r-devel-linux-x86_64-fedora-gcc, r-patched-solaris-x86, r-release-osx-x86_64, r-oldrel-osx-x86_64