CRAN Package Check Results for Package graphTweets

Last updated on 2019-03-25 17:50:40 CET.

Flavor Version Tinstall Tcheck Ttotal Status Flags
r-devel-linux-x86_64-debian-clang 0.5.1 4.07 32.02 36.09 OK
r-devel-linux-x86_64-debian-gcc 0.5.1 2.82 26.10 28.92 OK
r-devel-linux-x86_64-fedora-clang 0.5.1 44.07 NOTE
r-devel-linux-x86_64-fedora-gcc 0.5.1 40.02 NOTE
r-devel-windows-ix86+x86_64 0.5.1 12.00 82.00 94.00 OK
r-patched-linux-x86_64 0.5.1 2.32 30.70 33.02 OK
r-patched-solaris-x86 0.5.1 63.30 NOTE
r-release-linux-x86_64 0.5.1 2.94 30.31 33.25 OK
r-release-windows-ix86+x86_64 0.5.1 9.00 75.00 84.00 OK
r-release-osx-x86_64 0.5.1 NOTE
r-oldrel-windows-ix86+x86_64 0.5.1 6.00 46.00 52.00 OK
r-oldrel-osx-x86_64 0.5.1 NOTE

Check Details

Version: 0.5.1
Check: dependencies in R code
Result: NOTE
    Namespace in Imports field not imported from: ‘utils’
     All declared Imports should be used.
Flavors: r-devel-linux-x86_64-fedora-clang, r-devel-linux-x86_64-fedora-gcc, r-patched-solaris-x86, r-release-osx-x86_64, r-oldrel-osx-x86_64