CRAN Package Check Results for Package graphql

Last updated on 2018-07-16 06:46:56 CEST.

Flavor Version Tinstall Tcheck Ttotal Status Flags
r-devel-linux-x86_64-debian-clang 1.4 31.99 21.62 53.61 OK
r-devel-linux-x86_64-debian-gcc 1.4 30.15 19.55 49.70 OK
r-devel-linux-x86_64-fedora-clang 1.4 83.84 OK
r-devel-linux-x86_64-fedora-gcc 1.4 79.30 WARN
r-devel-windows-ix86+x86_64 1.4 119.00 65.00 184.00 OK
r-patched-linux-x86_64 1.4 37.80 22.06 59.86 OK
r-patched-solaris-x86 1.4 86.40 OK
r-release-linux-x86_64 1.4 43.36 21.94 65.30 OK
r-release-windows-ix86+x86_64 1.4 115.00 60.00 175.00 OK
r-release-osx-x86_64 1.4 OK
r-oldrel-windows-ix86+x86_64 1.4 87.00 77.00 164.00 OK
r-oldrel-osx-x86_64 1.4 OK

Additional issues

gcc8

Check Details

Version: 1.4
Check: whether package can be installed
Result: WARN
    Found the following significant warnings:
     dump_json_ast.cpp:21:12: warning: ‘char* strncpy(char*, const char*, size_t)’ specified bound 1000 equals destination size [-Wstringop-truncation]
Flavor: r-devel-linux-x86_64-fedora-gcc