CRAN Package Check Results for Package graphql

Last updated on 2018-10-19 13:51:01 CEST.

Flavor Version Tinstall Tcheck Ttotal Status Flags
r-devel-linux-x86_64-debian-clang 1.4 33.14 24.93 58.07 OK
r-devel-linux-x86_64-debian-gcc 1.4 33.27 20.42 53.69 WARN
r-devel-linux-x86_64-fedora-clang 1.4 82.32 OK
r-devel-linux-x86_64-fedora-gcc 1.4 84.01 WARN
r-devel-windows-ix86+x86_64 1.4 114.00 63.00 177.00 OK
r-patched-linux-x86_64 1.4 40.91 21.72 62.63 WARN
r-patched-solaris-x86 1.4 85.70 OK
r-release-linux-x86_64 1.4 40.51 22.01 62.52 WARN
r-release-windows-ix86+x86_64 1.4 100.00 58.00 158.00 OK
r-release-osx-x86_64 1.4 OK
r-oldrel-windows-ix86+x86_64 1.4 87.00 68.00 155.00 OK
r-oldrel-osx-x86_64 1.4 OK

Additional issues

gcc8

Check Details

Version: 1.4
Check: whether package can be installed
Result: WARN
    Found the following significant warnings:
     dump_json_ast.cpp:21:12: warning: ‘char* strncpy(char*, const char*, size_t)’ specified bound 1000 equals destination size [-Wstringop-truncation]
Flavors: r-devel-linux-x86_64-debian-gcc, r-devel-linux-x86_64-fedora-gcc, r-patched-linux-x86_64, r-release-linux-x86_64