CRAN Package Check Results for Package greeks

Last updated on 2025-01-25 05:48:25 CET.

Flavor Version Tinstall Tcheck Ttotal Status Flags
r-devel-linux-x86_64-debian-clang 1.4.3 54.33 119.95 174.28 NOTE
r-devel-linux-x86_64-debian-gcc 1.4.3 37.28 77.53 114.81 NOTE
r-devel-linux-x86_64-fedora-clang 1.4.3 319.11 OK
r-devel-linux-x86_64-fedora-gcc 1.4.3 331.50 NOTE
r-devel-windows-x86_64 1.4.3 59.00 200.00 259.00 OK
r-patched-linux-x86_64 1.4.3 55.02 114.17 169.19 OK
r-release-linux-x86_64 1.4.3 51.31 111.76 163.07 OK
r-release-macos-arm64 1.4.3 88.00 OK
r-release-macos-x86_64 1.4.3 153.00 OK
r-release-windows-x86_64 1.4.3 55.00 196.00 251.00 OK
r-oldrel-macos-arm64 1.4.3 74.00 OK
r-oldrel-macos-x86_64 1.4.3 158.00 OK
r-oldrel-windows-x86_64 1.4.3 72.00 222.00 294.00 OK

Check Details

Version: 1.4.3
Check: DESCRIPTION meta-information
Result: NOTE Missing dependency on R >= 4.1.0 because package code uses the pipe |> or function shorthand \(...) syntax added in R 4.1.0. File(s) using such syntax: ‘Greeks_UI.R’ Flavors: r-devel-linux-x86_64-debian-clang, r-devel-linux-x86_64-debian-gcc, r-devel-linux-x86_64-fedora-gcc