CRAN Package Check Results for Package greenclust

Last updated on 2022-05-29 04:58:06 CEST.

Flavor Version Tinstall Tcheck Ttotal Status Flags
r-devel-linux-x86_64-debian-clang 1.1.0 2.60 36.23 38.83 NOTE
r-devel-linux-x86_64-debian-gcc 1.1.0 2.01 27.35 29.36 NOTE
r-devel-linux-x86_64-fedora-clang 1.1.0 46.06 NOTE
r-devel-linux-x86_64-fedora-gcc 1.1.0 45.71 NOTE
r-devel-windows-x86_64 1.1.0 19.00 52.00 71.00 NOTE
r-patched-linux-x86_64 1.1.0 2.39 33.86 36.25 NOTE
r-release-linux-x86_64 1.1.0 2.21 34.98 37.19 NOTE
r-release-macos-arm64 1.1.0 16.00 NOTE
r-release-macos-x86_64 1.1.0 21.00 NOTE
r-release-windows-x86_64 1.1.0 22.00 53.00 75.00 NOTE
r-oldrel-macos-arm64 1.1.0 31.00 NOTE
r-oldrel-macos-x86_64 1.1.0 27.00 NOTE
r-oldrel-windows-ix86+x86_64 1.1.0 6.00 48.00 54.00 NOTE

Check Details

Version: 1.1.0
Check: LazyData
Result: NOTE
     'LazyData' is specified without a 'data' directory
Flavors: r-devel-linux-x86_64-debian-clang, r-devel-linux-x86_64-debian-gcc, r-devel-linux-x86_64-fedora-clang, r-devel-linux-x86_64-fedora-gcc, r-devel-windows-x86_64, r-patched-linux-x86_64, r-release-linux-x86_64, r-release-macos-arm64, r-release-macos-x86_64, r-release-windows-x86_64, r-oldrel-macos-arm64, r-oldrel-macos-x86_64, r-oldrel-windows-ix86+x86_64