Last updated on 2023-05-30 23:09:17 CEST.
Flavor | Version | Tinstall | Tcheck | Ttotal | Status | Flags |
---|---|---|---|---|---|---|
r-devel-linux-x86_64-debian-clang | 0.1 | 399.22 | 97.48 | 496.70 | NOTE | |
r-devel-linux-x86_64-debian-gcc | 0.1 | 397.56 | 95.51 | 493.07 | NOTE | |
r-devel-linux-x86_64-fedora-clang | 0.1 | 629.44 | NOTE | |||
r-devel-linux-x86_64-fedora-gcc | 0.1 | 866.68 | NOTE | |||
r-devel-windows-x86_64 | 0.1 | 319.00 | 135.00 | 454.00 | NOTE | |
r-patched-linux-x86_64 | 0.1 | 352.67 | 120.96 | 473.63 | NOTE | |
r-release-linux-x86_64 | 0.1 | 380.19 | 121.56 | 501.75 | NOTE | |
r-release-macos-arm64 | 0.1 | 204.00 | NOTE | |||
r-release-macos-x86_64 | 0.1 | 326.00 | NOTE | |||
r-release-windows-x86_64 | 0.1 | 429.00 | 169.00 | 598.00 | NOTE | |
r-oldrel-macos-arm64 | 0.1 | 174.00 | NOTE | |||
r-oldrel-macos-x86_64 | 0.1 | 234.00 | NOTE | |||
r-oldrel-windows-x86_64 | 0.1 | 397.00 | 153.00 | 550.00 | NOTE |
Version: 0.1
Check: for GNU extensions in Makefiles
Result: NOTE
GNU make is a SystemRequirements.
Flavors: r-devel-linux-x86_64-debian-clang, r-devel-linux-x86_64-debian-gcc, r-devel-linux-x86_64-fedora-clang, r-devel-linux-x86_64-fedora-gcc, r-devel-windows-x86_64, r-patched-linux-x86_64, r-release-linux-x86_64, r-release-macos-arm64, r-release-macos-x86_64, r-release-windows-x86_64, r-oldrel-macos-arm64, r-oldrel-macos-x86_64, r-oldrel-windows-x86_64
Version: 0.1
Check: dependencies in R code
Result: NOTE
Namespaces in Imports field not imported from:
‘RcppParallel’ ‘rstantools’
All declared Imports should be used.
Flavors: r-devel-linux-x86_64-fedora-clang, r-devel-linux-x86_64-fedora-gcc
Version: 0.1
Check: installed package size
Result: NOTE
installed size is 55.9Mb
sub-directories of 1Mb or more:
libs 55.6Mb
Flavors: r-release-macos-arm64, r-release-macos-x86_64, r-oldrel-macos-arm64, r-oldrel-macos-x86_64