CRAN Package Check Results for Package grf

Last updated on 2019-04-23 05:50:12 CEST.

Flavor Version Tinstall Tcheck Ttotal Status Flags
r-devel-linux-x86_64-debian-clang 0.10.2 147.86 60.45 208.31 NOTE
r-devel-linux-x86_64-debian-gcc 0.10.2 112.03 48.99 161.02 NOTE
r-devel-linux-x86_64-fedora-clang 0.10.2 364.18 NOTE
r-devel-linux-x86_64-fedora-gcc 0.10.2 288.12 NOTE
r-devel-windows-ix86+x86_64 0.10.2 467.00 109.00 576.00 NOTE
r-patched-linux-x86_64 0.10.2 137.18 61.15 198.33 NOTE
r-patched-solaris-x86 0.10.2 308.70 NOTE
r-release-linux-x86_64 0.10.2 134.92 58.18 193.10 NOTE
r-release-windows-ix86+x86_64 0.10.2 334.00 124.00 458.00 NOTE
r-release-osx-x86_64 0.10.2 NOTE
r-oldrel-windows-ix86+x86_64 0.10.2 506.00 129.00 635.00 NOTE
r-oldrel-osx-x86_64 0.10.2 NOTE

Check Details

Version: 0.10.2
Check: for GNU extensions in Makefiles
Result: NOTE
    GNU make is a SystemRequirements.
Flavors: r-devel-linux-x86_64-debian-clang, r-devel-linux-x86_64-debian-gcc, r-devel-linux-x86_64-fedora-clang, r-devel-linux-x86_64-fedora-gcc, r-devel-windows-ix86+x86_64, r-patched-linux-x86_64, r-patched-solaris-x86, r-release-linux-x86_64, r-release-windows-ix86+x86_64, r-release-osx-x86_64, r-oldrel-windows-ix86+x86_64, r-oldrel-osx-x86_64

Version: 0.10.2
Check: installed package size
Result: NOTE
     installed size is 12.4Mb
     sub-directories of 1Mb or more:
     libs 12.2Mb
Flavors: r-devel-linux-x86_64-fedora-clang, r-release-osx-x86_64, r-oldrel-osx-x86_64