CRAN Package Check Results for Package grf

Last updated on 2019-07-16 07:50:47 CEST.

Flavor Version Tinstall Tcheck Ttotal Status Flags
r-devel-linux-x86_64-debian-clang 0.10.3 160.13 72.81 232.94 NOTE
r-devel-linux-x86_64-debian-gcc 0.10.3 125.59 58.79 184.38 NOTE
r-devel-linux-x86_64-fedora-clang 0.10.3 358.44 NOTE
r-devel-linux-x86_64-fedora-gcc 0.10.3 361.81 NOTE
r-devel-windows-ix86+x86_64 0.10.3 512.00 150.00 662.00 NOTE
r-patched-linux-x86_64 0.10.3 151.64 75.20 226.84 NOTE
r-patched-solaris-x86 0.10.3 438.40 NOTE
r-release-linux-x86_64 0.10.3 149.53 74.77 224.30 NOTE
r-release-windows-ix86+x86_64 0.10.3 365.00 154.00 519.00 NOTE
r-release-osx-x86_64 0.10.3 NOTE
r-oldrel-windows-ix86+x86_64 0.10.3 476.00 104.00 580.00 NOTE
r-oldrel-osx-x86_64 0.10.3 NOTE

Check Details

Version: 0.10.3
Check: for GNU extensions in Makefiles
Result: NOTE
    GNU make is a SystemRequirements.
Flavors: r-devel-linux-x86_64-debian-clang, r-devel-linux-x86_64-debian-gcc, r-devel-linux-x86_64-fedora-clang, r-devel-linux-x86_64-fedora-gcc, r-devel-windows-ix86+x86_64, r-patched-linux-x86_64, r-patched-solaris-x86, r-release-linux-x86_64, r-release-windows-ix86+x86_64, r-release-osx-x86_64, r-oldrel-windows-ix86+x86_64, r-oldrel-osx-x86_64

Version: 0.10.3
Check: installed package size
Result: NOTE
     installed size is 13.0Mb
     sub-directories of 1Mb or more:
     libs 12.8Mb
Flavors: r-devel-linux-x86_64-fedora-clang, r-release-osx-x86_64, r-oldrel-osx-x86_64