CRAN Package Check Results for Package gridSVG

Last updated on 2019-04-22 10:52:16 CEST.

Flavor Version Tinstall Tcheck Ttotal Status Flags
r-devel-linux-x86_64-debian-clang 1.7-0 10.03 123.59 133.62 OK
r-devel-linux-x86_64-debian-gcc 1.7-0 9.38 96.16 105.54 OK
r-devel-linux-x86_64-fedora-clang 1.7-0 155.77 OK
r-devel-linux-x86_64-fedora-gcc 1.7-0 152.26 OK
r-devel-windows-ix86+x86_64 1.7-0 24.00 144.00 168.00 OK
r-patched-linux-x86_64 1.7-0 11.16 122.83 133.99 OK
r-patched-solaris-x86 1.7-0 217.40 OK
r-release-linux-x86_64 1.6-0 9.31 120.05 129.36 OK
r-release-windows-ix86+x86_64 1.6-0 12.00 184.00 196.00 OK
r-release-osx-x86_64 1.7-0 ERROR
r-oldrel-windows-ix86+x86_64 1.6-0 7.00 231.00 238.00 OK
r-oldrel-osx-x86_64 1.6-0 OK

Check Details

Version: 1.7-0
Check: whether package can be installed
Result: ERROR
    Installation failed.
Flavor: r-release-osx-x86_64