CRAN Package Check Results for Package gridSVG

Last updated on 2019-06-16 21:46:39 CEST.

Flavor Version Tinstall Tcheck Ttotal Status Flags
r-devel-linux-x86_64-debian-clang 1.7-0 10.84 122.58 133.42 OK
r-devel-linux-x86_64-debian-gcc 1.7-0 9.78 96.10 105.88 OK
r-devel-linux-x86_64-fedora-clang 1.7-0 156.20 OK
r-devel-linux-x86_64-fedora-gcc 1.7-0 152.05 OK
r-devel-windows-ix86+x86_64 1.7-0 39.00 142.00 181.00 OK
r-patched-linux-x86_64 1.7-0 10.28 123.33 133.61 OK
r-patched-solaris-x86 1.7-0 221.20 OK
r-release-linux-x86_64 1.7-0 10.74 122.50 133.24 OK
r-release-windows-ix86+x86_64 1.7-0 17.00 189.00 206.00 OK
r-release-osx-x86_64 1.7-0 OK
r-oldrel-windows-ix86+x86_64 1.6-0 20.00 139.00 159.00 OK
r-oldrel-osx-x86_64 1.7-0 ERROR

Check Details

Version: 1.7-0
Check: whether package can be installed
Result: ERROR
    Installation failed.
Flavor: r-oldrel-osx-x86_64