CRAN Package Check Results for Package gridsampler

Last updated on 2024-07-22 07:52:19 CEST.

Flavor Version Tinstall Tcheck Ttotal Status Flags
r-devel-linux-x86_64-debian-clang 0.6 5.47 118.52 123.99 OK
r-devel-linux-x86_64-debian-gcc 0.6 5.47 82.65 88.12 OK
r-devel-linux-x86_64-fedora-clang 0.6 153.87 NOTE
r-devel-linux-x86_64-fedora-gcc 0.6 158.69 NOTE
r-devel-windows-x86_64 0.6 8.00 108.00 116.00 OK
r-patched-linux-x86_64 0.6 6.94 111.53 118.47 OK
r-release-linux-x86_64 0.6 6.53 114.21 120.74 OK
r-release-macos-arm64 0.6 50.00 OK
r-release-macos-x86_64 0.6 96.00 OK
r-release-windows-x86_64 0.6 7.00 108.00 115.00 OK
r-oldrel-macos-arm64 0.6 52.00 OK
r-oldrel-macos-x86_64 0.6 84.00 OK
r-oldrel-windows-x86_64 0.6 9.00 127.00 136.00 OK

Check Details

Version: 0.6
Check: dependencies in R code
Result: NOTE Namespace in Imports field not imported from: ‘BiasedUrn’ All declared Imports should be used. Flavors: r-devel-linux-x86_64-fedora-clang, r-devel-linux-x86_64-fedora-gcc