CRAN Package Check Results for Package gridsampler

Last updated on 2020-05-29 06:48:28 CEST.

Flavor Version Tinstall Tcheck Ttotal Status Flags
r-devel-linux-x86_64-debian-clang 0.6 5.34 90.13 95.47 OK
r-devel-linux-x86_64-debian-gcc 0.6 3.81 65.69 69.50 OK
r-devel-linux-x86_64-fedora-clang 0.6 113.14 NOTE
r-devel-linux-x86_64-fedora-gcc 0.6 111.21 NOTE
r-devel-windows-ix86+x86_64 0.6 23.00 150.00 173.00 OK
r-patched-linux-x86_64 0.6 5.00 88.70 93.70 OK
r-patched-solaris-x86 0.6 167.40 NOTE
r-release-linux-x86_64 0.6 5.39 89.22 94.61 OK
r-release-osx-x86_64 0.6 NOTE
r-release-windows-ix86+x86_64 0.6 14.00 173.00 187.00 OK
r-oldrel-osx-x86_64 0.6 NOTE
r-oldrel-windows-ix86+x86_64 0.6 15.00 111.00 126.00 OK

Check Details

Version: 0.6
Check: dependencies in R code
Result: NOTE
    Namespace in Imports field not imported from: ‘BiasedUrn’
     All declared Imports should be used.
Flavors: r-devel-linux-x86_64-fedora-clang, r-devel-linux-x86_64-fedora-gcc, r-patched-solaris-x86, r-release-osx-x86_64, r-oldrel-osx-x86_64