CRAN Package Check Results for Package gridsampler

Last updated on 2020-10-19 23:49:18 CEST.

Flavor Version Tinstall Tcheck Ttotal Status Flags
r-devel-linux-x86_64-debian-clang 0.6 5.27 94.83 100.10 OK
r-devel-linux-x86_64-debian-gcc 0.6 4.34 68.09 72.43 OK
r-devel-linux-x86_64-fedora-clang 0.6 123.09 NOTE
r-devel-linux-x86_64-fedora-gcc 0.6 117.33 NOTE
r-devel-windows-ix86+x86_64 0.6 10.00 96.00 106.00 OK
r-patched-linux-x86_64 0.6 5.29 90.01 95.30 OK
r-patched-solaris-x86 0.6 169.80 NOTE
r-release-linux-x86_64 0.6 5.66 89.30 94.96 OK
r-release-macos-x86_64 0.6 NOTE
r-release-windows-ix86+x86_64 0.6 12.00 99.00 111.00 OK
r-oldrel-macos-x86_64 0.6 NOTE
r-oldrel-windows-ix86+x86_64 0.6 8.00 112.00 120.00 OK

Check Details

Version: 0.6
Check: dependencies in R code
Result: NOTE
    Namespace in Imports field not imported from: ‘BiasedUrn’
     All declared Imports should be used.
Flavors: r-devel-linux-x86_64-fedora-clang, r-devel-linux-x86_64-fedora-gcc, r-patched-solaris-x86, r-release-macos-x86_64, r-oldrel-macos-x86_64